Last updated on 2023-02-06 06:51:58 CET.
Flavor | Version | Tinstall | Tcheck | Ttotal | Status | Flags |
---|---|---|---|---|---|---|
r-devel-linux-x86_64-debian-clang | 1.4 | 2.74 | 27.99 | 30.73 | NOTE | |
r-devel-linux-x86_64-debian-gcc | 1.4 | 2.34 | 22.17 | 24.51 | NOTE | |
r-devel-linux-x86_64-fedora-clang | 1.4 | 38.99 | NOTE | |||
r-devel-linux-x86_64-fedora-gcc | 1.4 | 38.22 | NOTE | |||
r-devel-windows-x86_64 | 1.4 | 9.00 | 55.00 | 64.00 | NOTE | |
r-patched-linux-x86_64 | 1.4 | 2.46 | 28.29 | 30.75 | NOTE | |
r-release-linux-x86_64 | 1.4 | 2.33 | 27.20 | 29.53 | NOTE | |
r-release-macos-arm64 | 1.4 | 15.00 | NOTE | |||
r-release-macos-x86_64 | 1.4 | 23.00 | NOTE | |||
r-release-windows-x86_64 | 1.4 | 10.00 | 59.00 | 69.00 | NOTE | |
r-oldrel-macos-arm64 | 1.4 | 22.00 | NOTE | |||
r-oldrel-macos-x86_64 | 1.4 | 30.00 | NOTE | |||
r-oldrel-windows-ix86+x86_64 | 1.4 | 9.00 | 54.00 | 63.00 | NOTE |
Version: 1.4
Check: LazyData
Result: NOTE
'LazyData' is specified without a 'data' directory
Flavors: r-devel-linux-x86_64-debian-clang, r-devel-linux-x86_64-debian-gcc, r-devel-linux-x86_64-fedora-clang, r-devel-linux-x86_64-fedora-gcc, r-devel-windows-x86_64, r-patched-linux-x86_64, r-release-linux-x86_64, r-release-macos-arm64, r-release-macos-x86_64, r-release-windows-x86_64, r-oldrel-macos-arm64, r-oldrel-macos-x86_64, r-oldrel-windows-ix86+x86_64