CRAN Package Check Results for Package HTSSIP

Last updated on 2023-02-03 06:50:21 CET.

Flavor Version Tinstall Tcheck Ttotal Status Flags
r-devel-linux-x86_64-debian-clang 1.4.1 9.03 219.17 228.20 OK --no-vignettes
r-devel-linux-x86_64-debian-gcc 1.4.1 7.18 159.51 166.69 OK --no-vignettes
r-devel-linux-x86_64-fedora-clang 1.4.1 1673.41 NOTE
r-devel-linux-x86_64-fedora-gcc 1.4.1 1695.79 NOTE
r-devel-windows-x86_64 1.4.1 39.00 286.00 325.00 OK --no-vignettes
r-patched-linux-x86_64 1.4.1 7.04 204.43 211.47 OK --no-vignettes
r-release-linux-x86_64 1.4.1 7.89 204.63 212.52 OK --no-vignettes
r-release-macos-arm64 1.4.1 195.00 NOTE
r-release-macos-x86_64 1.4.1 397.00 NOTE
r-release-windows-x86_64 1.4.1 46.00 283.00 329.00 OK --no-vignettes
r-oldrel-macos-arm64 1.4.1 632.00 NOTE
r-oldrel-macos-x86_64 1.4.1 852.00 NOTE
r-oldrel-windows-ix86+x86_64 1.4.1 21.00 324.00 345.00 OK --no-vignettes

Check Details

Version: 1.4.1
Check: dependencies in R code
Result: NOTE
    Namespace in Imports field not imported from: ‘igraph’
     All declared Imports should be used.
Flavors: r-devel-linux-x86_64-fedora-clang, r-devel-linux-x86_64-fedora-gcc, r-release-macos-arm64, r-release-macos-x86_64, r-oldrel-macos-arm64, r-oldrel-macos-x86_64