CRAN Package Check Results for Package HSPOR

Last updated on 2023-01-26 06:52:58 CET.

Flavor Version Tinstall Tcheck Ttotal Status Flags
r-devel-linux-x86_64-debian-clang 1.1.9 15.30 117.83 133.13 NOTE
r-devel-linux-x86_64-debian-gcc 1.1.9 9.53 86.16 95.69 NOTE
r-devel-linux-x86_64-fedora-clang 1.1.9 164.06 NOTE
r-devel-linux-x86_64-fedora-gcc 1.1.9 150.84 NOTE
r-devel-windows-x86_64 1.1.9 32.00 137.00 169.00 NOTE
r-patched-linux-x86_64 1.1.9 14.75 112.05 126.80 NOTE
r-release-linux-x86_64 1.1.9 10.35 116.32 126.67 NOTE
r-release-macos-arm64 1.1.9 43.00 NOTE
r-release-macos-x86_64 1.1.9 77.00 NOTE
r-release-windows-x86_64 1.1.9 24.00 130.00 154.00 NOTE
r-oldrel-macos-arm64 1.1.9 47.00 NOTE
r-oldrel-macos-x86_64 1.1.9 84.00 NOTE
r-oldrel-windows-ix86+x86_64 1.1.9 31.00 131.00 162.00 NOTE

Check Details

Version: 1.1.9
Check: LazyData
Result: NOTE
     'LazyData' is specified without a 'data' directory
Flavors: r-devel-linux-x86_64-debian-clang, r-devel-linux-x86_64-debian-gcc, r-devel-linux-x86_64-fedora-clang, r-devel-linux-x86_64-fedora-gcc, r-devel-windows-x86_64, r-patched-linux-x86_64, r-release-linux-x86_64, r-release-macos-arm64, r-release-macos-x86_64, r-release-windows-x86_64, r-oldrel-macos-arm64, r-oldrel-macos-x86_64, r-oldrel-windows-ix86+x86_64