CRAN Package Check Results for Package HMP

Last updated on 2023-01-29 07:56:05 CET.

Flavor Version Tinstall Tcheck Ttotal Status Flags
r-devel-linux-x86_64-debian-clang 2.0.1 13.19 125.42 138.61 OK
r-devel-linux-x86_64-debian-gcc 2.0.1 9.98 92.95 102.93 OK
r-devel-linux-x86_64-fedora-clang 2.0.1 171.98 NOTE
r-devel-linux-x86_64-fedora-gcc 2.0.1 178.32 OK
r-devel-windows-x86_64 2.0.1 39.00 168.00 207.00 OK
r-patched-linux-x86_64 2.0.1 12.36 117.82 130.18 OK
r-release-linux-x86_64 2.0.1 13.89 119.62 133.51 OK
r-release-macos-arm64 2.0.1 51.00 OK
r-release-macos-x86_64 2.0.1 96.00 OK
r-release-windows-x86_64 2.0.1 49.00 170.00 219.00 OK
r-oldrel-macos-arm64 2.0.1 57.00 OK
r-oldrel-macos-x86_64 2.0.1 73.00 OK
r-oldrel-windows-ix86+x86_64 2.0.1 30.00 154.00 184.00 OK

Check Details

Version: 2.0.1
Check: Rd cross-references
Result: NOTE
    Undeclared package ‘genalg’ in Rd xrefs
Flavor: r-devel-linux-x86_64-fedora-clang