CRAN Package Check Results for Package HMMmlselect

Last updated on 2023-01-27 07:50:34 CET.

Flavor Version Tinstall Tcheck Ttotal Status Flags
r-devel-linux-x86_64-debian-clang 0.1.6 31.51 100.16 131.67 NOTE
r-devel-linux-x86_64-debian-gcc 0.1.6 29.01 75.77 104.78 NOTE
r-devel-linux-x86_64-fedora-clang 0.1.6 178.22 NOTE
r-devel-linux-x86_64-fedora-gcc 0.1.6 166.44 NOTE
r-devel-windows-x86_64 0.1.6 42.00 157.00 199.00 NOTE
r-patched-linux-x86_64 0.1.6 29.51 96.45 125.96 NOTE
r-release-linux-x86_64 0.1.6 29.37 98.57 127.94 NOTE
r-release-macos-arm64 0.1.6 63.00 NOTE
r-release-macos-x86_64 0.1.6 63.00 NOTE
r-release-windows-x86_64 0.1.6 69.00 160.00 229.00 NOTE
r-oldrel-macos-arm64 0.1.6 55.00 NOTE
r-oldrel-macos-x86_64 0.1.6 72.00 NOTE
r-oldrel-windows-ix86+x86_64 0.1.6 73.00 203.00 276.00 NOTE

Check Details

Version: 0.1.6
Check: LazyData
Result: NOTE
     'LazyData' is specified without a 'data' directory
Flavors: r-devel-linux-x86_64-debian-clang, r-devel-linux-x86_64-debian-gcc, r-devel-linux-x86_64-fedora-clang, r-devel-linux-x86_64-fedora-gcc, r-devel-windows-x86_64, r-patched-linux-x86_64, r-release-linux-x86_64, r-release-macos-arm64, r-release-macos-x86_64, r-release-windows-x86_64, r-oldrel-macos-arm64, r-oldrel-macos-x86_64, r-oldrel-windows-ix86+x86_64

Version: 0.1.6
Check: C++ specification
Result: NOTE
     Specified C++11: please update to current default of C++17
Flavors: r-devel-linux-x86_64-debian-gcc, r-devel-linux-x86_64-fedora-gcc