Last updated on 2023-10-04 07:03:06 CEST.
Flavor | Version | Tinstall | Tcheck | Ttotal | Status | Flags |
---|---|---|---|---|---|---|
r-devel-linux-x86_64-debian-clang | 0.1.6 | 31.65 | 101.86 | 133.51 | NOTE | |
r-devel-linux-x86_64-debian-gcc | 0.1.6 | 27.45 | 76.20 | 103.65 | NOTE | |
r-devel-linux-x86_64-fedora-clang | 0.1.6 | 174.03 | NOTE | |||
r-devel-linux-x86_64-fedora-gcc | 0.1.6 | 182.16 | NOTE | |||
r-devel-windows-x86_64 | 0.1.6 | 30.00 | 136.00 | 166.00 | NOTE | |
r-patched-linux-x86_64 | 0.1.6 | 32.42 | 99.45 | 131.87 | NOTE | |
r-release-linux-x86_64 | 0.1.6 | 36.11 | 98.87 | 134.98 | NOTE | |
r-release-macos-arm64 | 0.1.6 | 53.00 | NOTE | |||
r-release-macos-x86_64 | 0.1.6 | 81.00 | NOTE | |||
r-release-windows-x86_64 | 0.1.6 | 33.00 | 147.00 | 180.00 | NOTE | |
r-oldrel-macos-arm64 | 0.1.6 | 63.00 | NOTE | |||
r-oldrel-macos-x86_64 | 0.1.6 | 63.00 | NOTE | |||
r-oldrel-windows-x86_64 | 0.1.6 | 33.00 | 140.00 | 173.00 | NOTE |
Version: 0.1.6
Check: C++ specification
Result: NOTE
Specified C++11: please drop specification unless essential
Flavors: r-devel-linux-x86_64-debian-clang, r-devel-linux-x86_64-debian-gcc, r-devel-linux-x86_64-fedora-clang, r-devel-linux-x86_64-fedora-gcc, r-devel-windows-x86_64, r-patched-linux-x86_64, r-release-linux-x86_64, r-release-macos-arm64, r-release-macos-x86_64, r-release-windows-x86_64
Version: 0.1.6
Check: LazyData
Result: NOTE
'LazyData' is specified without a 'data' directory
Flavors: r-devel-linux-x86_64-debian-clang, r-devel-linux-x86_64-debian-gcc, r-devel-linux-x86_64-fedora-clang, r-devel-linux-x86_64-fedora-gcc, r-devel-windows-x86_64, r-patched-linux-x86_64, r-release-linux-x86_64, r-release-macos-arm64, r-release-macos-x86_64, r-release-windows-x86_64, r-oldrel-macos-arm64, r-oldrel-macos-x86_64, r-oldrel-windows-x86_64