Last updated on 2023-05-30 08:02:20 CEST.
Flavor | Version | Tinstall | Tcheck | Ttotal | Status | Flags |
---|---|---|---|---|---|---|
r-devel-linux-x86_64-debian-clang | 3.1-49 | 32.24 | 382.76 | 415.00 | NOTE | |
r-devel-linux-x86_64-debian-gcc | 3.1-49 | 28.26 | 284.11 | 312.37 | NOTE | |
r-devel-linux-x86_64-fedora-clang | 3.1-49 | 513.75 | NOTE | |||
r-devel-linux-x86_64-fedora-gcc | 3.1-49 | 515.37 | NOTE | |||
r-devel-windows-x86_64 | 3.1-49 | 33.00 | 349.00 | 382.00 | NOTE | |
r-patched-linux-x86_64 | 3.1-49 | 35.15 | 363.84 | 398.99 | NOTE | |
r-release-linux-x86_64 | 3.1-49 | 22.32 | 365.27 | 387.59 | NOTE | |
r-release-macos-arm64 | 3.1-49 | 149.00 | NOTE | |||
r-release-macos-x86_64 | 3.1-49 | 142.00 | NOTE | |||
r-release-windows-x86_64 | 3.1-49 | 42.00 | 438.00 | 480.00 | NOTE | |
r-oldrel-macos-arm64 | 3.1-49 | 128.00 | OK | |||
r-oldrel-macos-x86_64 | 3.1-49 | 185.00 | OK | |||
r-oldrel-windows-x86_64 | 3.1-49 | 41.00 | 418.00 | 459.00 | OK |
Version: 3.1-49
Check: Rd \usage sections
Result: NOTE
S3 methods shown with full name in documentation object ‘defunct’:
‘anova.mean’ ‘print.glht.mmc.multicomp’ ‘coef.arima.HH’ ‘glht.mmc’
‘plot.odds.ratio’ ‘persp.plane’ ‘persp.floor’ ‘persp.back.wall.x’
‘persp.back.wall.y’ ‘persp.setup’ ‘plot.hov’ ‘plot.hov.bf’
‘plot.matchMMC’ ‘seqplot.forecast’
The \usage entries for S3 methods should use the \method markup and not
their full name.
See chapter ‘Writing R documentation files’ in the ‘Writing R
Extensions’ manual.
Flavors: r-devel-linux-x86_64-debian-clang, r-devel-linux-x86_64-debian-gcc, r-devel-linux-x86_64-fedora-clang, r-devel-linux-x86_64-fedora-gcc, r-devel-windows-x86_64, r-patched-linux-x86_64, r-release-linux-x86_64, r-release-macos-arm64, r-release-macos-x86_64, r-release-windows-x86_64
Version: 3.1-49
Check: package dependencies
Result: NOTE
Package suggested but not available for checking: ‘RcmdrPlugin.HH’
Flavor: r-release-macos-x86_64