Last updated on 2023-02-07 07:54:03 CET.
Flavor | Version | Tinstall | Tcheck | Ttotal | Status | Flags |
---|---|---|---|---|---|---|
r-devel-linux-x86_64-debian-clang | 1.0.2 | 96.53 | 43.69 | 140.22 | OK | |
r-devel-linux-x86_64-debian-gcc | 1.0.2 | 78.71 | 37.42 | 116.13 | OK | |
r-devel-linux-x86_64-fedora-clang | 1.0.2 | 180.19 | OK | |||
r-devel-linux-x86_64-fedora-gcc | 1.0.2 | 193.52 | OK | |||
r-devel-windows-x86_64 | 1.0.2 | 71.00 | 98.00 | 169.00 | OK | |
r-patched-linux-x86_64 | 1.0.2 | 83.86 | 45.82 | 129.68 | OK | |
r-release-linux-x86_64 | 1.0.2 | 82.64 | 46.28 | 128.92 | OK | |
r-release-macos-arm64 | 1.0.2 | 48.00 | NOTE | |||
r-release-macos-x86_64 | 1.0.2 | 66.00 | NOTE | |||
r-release-windows-x86_64 | 1.0.2 | 81.00 | 98.00 | 179.00 | OK | |
r-oldrel-macos-arm64 | 1.0.2 | 53.00 | NOTE | |||
r-oldrel-macos-x86_64 | 1.0.2 | 67.00 | NOTE | |||
r-oldrel-windows-ix86+x86_64 | 1.0.2 | 215.00 | 109.00 | 324.00 | OK |
Version: 1.0.2
Check: installed package size
Result: NOTE
installed size is 21.7Mb
sub-directories of 1Mb or more:
libs 21.5Mb
Flavors: r-release-macos-arm64, r-release-macos-x86_64, r-oldrel-macos-arm64, r-oldrel-macos-x86_64