Last updated on 2023-10-04 07:03:06 CEST.
Flavor | Version | Tinstall | Tcheck | Ttotal | Status | Flags |
---|---|---|---|---|---|---|
r-devel-linux-x86_64-debian-clang | 1.0.2 | 94.35 | 43.18 | 137.53 | OK | |
r-devel-linux-x86_64-debian-gcc | 1.0.2 | 80.30 | 37.40 | 117.70 | OK | |
r-devel-linux-x86_64-fedora-clang | 1.0.2 | 186.12 | OK | |||
r-devel-linux-x86_64-fedora-gcc | 1.0.2 | 220.73 | OK | |||
r-devel-windows-x86_64 | 1.0.2 | 71.00 | 81.00 | 152.00 | OK | |
r-patched-linux-x86_64 | 1.0.2 | 98.15 | 47.14 | 145.29 | OK | |
r-release-linux-x86_64 | 1.0.2 | 101.59 | 47.22 | 148.81 | OK | |
r-release-macos-arm64 | 1.0.2 | 56.00 | NOTE | |||
r-release-macos-x86_64 | 1.0.2 | 89.00 | NOTE | |||
r-release-windows-x86_64 | 1.0.2 | 88.00 | 87.00 | 175.00 | OK | |
r-oldrel-macos-arm64 | 1.0.2 | 56.00 | NOTE | |||
r-oldrel-macos-x86_64 | 1.0.2 | 66.00 | NOTE | |||
r-oldrel-windows-x86_64 | 1.0.2 | 86.00 | 84.00 | 170.00 | OK |
Version: 1.0.2
Check: installed package size
Result: NOTE
installed size is 21.7Mb
sub-directories of 1Mb or more:
libs 21.5Mb
Flavors: r-release-macos-arm64, r-release-macos-x86_64, r-oldrel-macos-arm64, r-oldrel-macos-x86_64