Last updated on 2023-02-07 07:54:03 CET.
Flavor | Version | Tinstall | Tcheck | Ttotal | Status | Flags |
---|---|---|---|---|---|---|
r-devel-linux-x86_64-debian-clang | 1.0.6-1 | 35.81 | 60.20 | 96.01 | NOTE | |
r-devel-linux-x86_64-debian-gcc | 1.0.6-1 | 28.20 | 44.27 | 72.47 | NOTE | |
r-devel-linux-x86_64-fedora-clang | 1.0.6-1 | 128.13 | NOTE | |||
r-devel-linux-x86_64-fedora-gcc | 1.0.6-1 | 114.96 | NOTE | |||
r-devel-windows-x86_64 | 1.0.6-1 | 65.00 | 111.00 | 176.00 | NOTE | |
r-patched-linux-x86_64 | 1.0.6-1 | 32.02 | 55.43 | 87.45 | OK | |
r-release-linux-x86_64 | 1.0.6-1 | 31.26 | 57.49 | 88.75 | OK | |
r-release-macos-arm64 | 1.0.6-1 | 37.00 | NOTE | |||
r-release-macos-x86_64 | 1.0.6-1 | 46.00 | NOTE | |||
r-release-windows-x86_64 | 1.0.6-1 | 61.00 | 120.00 | 181.00 | NOTE | |
r-oldrel-macos-arm64 | 1.0.6-1 | 33.00 | NOTE | |||
r-oldrel-macos-x86_64 | 1.0.6-1 | 49.00 | NOTE | |||
r-oldrel-windows-ix86+x86_64 | 1.0.6-1 | 87.00 | 131.00 | 218.00 | NOTE |
Version: 1.0.6-1
Check: C++ specification
Result: NOTE
Specified C++11: please update to current default of C++17
Flavors: r-devel-linux-x86_64-debian-clang, r-devel-linux-x86_64-debian-gcc, r-devel-linux-x86_64-fedora-clang, r-devel-linux-x86_64-fedora-gcc, r-devel-windows-x86_64
Version: 1.0.6-1
Check: installed package size
Result: NOTE
installed size is 5.4Mb
sub-directories of 1Mb or more:
libs 1.0Mb
shiny 4.3Mb
Flavors: r-devel-windows-x86_64, r-release-macos-arm64, r-release-macos-x86_64, r-release-windows-x86_64, r-oldrel-macos-arm64, r-oldrel-macos-x86_64, r-oldrel-windows-ix86+x86_64