Last updated on 2023-11-30 07:52:37 CET.
Flavor | Version | Tinstall | Tcheck | Ttotal | Status | Flags |
---|---|---|---|---|---|---|
r-devel-linux-x86_64-debian-clang | 1.0.6-1 | 35.44 | 59.05 | 94.49 | NOTE | |
r-devel-linux-x86_64-debian-gcc | 1.0.6-1 | 21.83 | 44.25 | 66.08 | NOTE | |
r-devel-linux-x86_64-fedora-clang | 1.0.6-1 | 126.24 | NOTE | |||
r-devel-linux-x86_64-fedora-gcc | 1.0.6-1 | 122.42 | NOTE | |||
r-devel-windows-x86_64 | 1.0.6-1 | 29.00 | 92.00 | 121.00 | NOTE | |
r-patched-linux-x86_64 | 1.0.6-1 | 29.94 | 55.89 | 85.83 | NOTE | |
r-release-linux-x86_64 | 1.0.6-1 | 32.64 | 56.01 | 88.65 | NOTE | |
r-release-macos-arm64 | 1.0.6-1 | 40.00 | NOTE | |||
r-release-macos-x86_64 | 1.0.6-1 | 60.00 | NOTE | |||
r-release-windows-x86_64 | 1.0.6-1 | 37.00 | 104.00 | 141.00 | NOTE | |
r-oldrel-macos-arm64 | 1.0.6-1 | 37.00 | NOTE | |||
r-oldrel-macos-x86_64 | 1.0.6-1 | 46.00 | NOTE | |||
r-oldrel-windows-x86_64 | 1.0.6-1 | 36.00 | 102.00 | 138.00 | NOTE |
Version: 1.0.6-1
Check: C++ specification
Result: NOTE
Specified C++11: please drop specification unless essential
Flavors: r-devel-linux-x86_64-debian-clang, r-devel-linux-x86_64-debian-gcc, r-devel-linux-x86_64-fedora-clang, r-devel-linux-x86_64-fedora-gcc, r-devel-windows-x86_64, r-patched-linux-x86_64, r-release-linux-x86_64, r-release-macos-arm64, r-release-macos-x86_64, r-release-windows-x86_64
Version: 1.0.6-1
Check: installed package size
Result: NOTE
installed size is 5.4Mb
sub-directories of 1Mb or more:
libs 1.0Mb
shiny 4.3Mb
Flavors: r-devel-windows-x86_64, r-release-macos-arm64, r-release-macos-x86_64, r-release-windows-x86_64, r-oldrel-macos-arm64, r-oldrel-macos-x86_64, r-oldrel-windows-x86_64