Last updated on 2023-03-31 07:53:27 CEST.
Flavor | Version | Tinstall | Tcheck | Ttotal | Status | Flags |
---|---|---|---|---|---|---|
r-devel-linux-x86_64-debian-clang | 1.1.1 | 6.19 | 43.22 | 49.41 | NOTE | |
r-devel-linux-x86_64-debian-gcc | 1.1.1 | 3.44 | 33.17 | 36.61 | NOTE | |
r-devel-linux-x86_64-fedora-clang | 1.1.1 | 60.55 | NOTE | |||
r-devel-linux-x86_64-fedora-gcc | 1.1.1 | 60.27 | NOTE | |||
r-devel-windows-x86_64 | 1.1.1 | 16.00 | 0.00 | 16.00 | NOTE | |
r-patched-linux-x86_64 | 1.1.1 | 7.13 | 42.14 | 49.27 | NOTE | |
r-release-linux-x86_64 | 1.1.1 | 6.23 | 42.08 | 48.31 | OK | |
r-release-macos-arm64 | 1.1.1 | 25.00 | OK | |||
r-release-macos-x86_64 | 1.1.1 | 30.00 | OK | |||
r-release-windows-x86_64 | 1.1.1 | 20.00 | 77.00 | 97.00 | OK | |
r-oldrel-macos-arm64 | 1.1.1 | 31.00 | OK | |||
r-oldrel-macos-x86_64 | 1.1.1 | 37.00 | OK | |||
r-oldrel-windows-ix86+x86_64 | 1.1.1 | 11.00 | 67.00 | 78.00 | OK |
Version: 1.1.1
Check: Rd files
Result: NOTE
checkRd: (-1) gsym.point.Rd:143: Escaped LaTeX specials: \&
Flavors: r-devel-linux-x86_64-debian-clang, r-devel-linux-x86_64-debian-gcc, r-devel-linux-x86_64-fedora-clang, r-devel-linux-x86_64-fedora-gcc, r-devel-windows-x86_64, r-patched-linux-x86_64