CRAN Package Check Results for Package GseaVis

Last updated on 2024-02-20 08:01:00 CET.

Flavor Version Tinstall Tcheck Ttotal Status Flags
r-devel-linux-x86_64-debian-clang 0.0.5 OK
r-devel-linux-x86_64-debian-gcc 0.0.5 24.26 196.95 221.21 OK
r-devel-linux-x86_64-fedora-clang 0.0.5 375.21 OK
r-devel-linux-x86_64-fedora-gcc 0.0.5 352.03 OK
r-devel-windows-x86_64 0.0.5 28.00 184.00 212.00 OK
r-patched-linux-x86_64 0.0.5 26.04 251.39 277.43 OK
r-release-linux-x86_64 0.0.5 22.10 254.48 276.58 OK
r-release-macos-arm64 0.0.5 5.00 ERROR
r-release-macos-x86_64 0.0.5 164.00 OK
r-release-windows-x86_64 0.0.5 37.00 237.00 274.00 OK
r-oldrel-macos-arm64 0.0.5 89.00 OK
r-oldrel-windows-x86_64 0.0.5 34.00 227.00 261.00 OK

Check Details

Version: 0.0.5
Check: package dependencies
Result: ERROR Package required but not available: ‘DOSE’ See section ‘The DESCRIPTION file’ in the ‘Writing R Extensions’ manual. Flavor: r-release-macos-arm64