Last updated on 2023-02-04 08:01:17 CET.
Flavor | Version | Tinstall | Tcheck | Ttotal | Status | Flags |
---|---|---|---|---|---|---|
r-devel-linux-x86_64-debian-clang | 0.4.0 | 78.57 | 84.42 | 162.99 | OK | |
r-devel-linux-x86_64-debian-gcc | 0.4.0 | 59.53 | 55.07 | 114.60 | OK | |
r-devel-linux-x86_64-fedora-clang | 0.4.0 | 210.56 | OK | |||
r-devel-linux-x86_64-fedora-gcc | 0.4.0 | 193.45 | OK | |||
r-devel-windows-x86_64 | 0.4.0 | 96.00 | 137.00 | 233.00 | OK | |
r-patched-linux-x86_64 | 0.4.0 | 65.44 | 69.91 | 135.35 | OK | |
r-release-linux-x86_64 | 0.4.0 | 57.80 | 69.71 | 127.51 | OK | |
r-release-macos-arm64 | 0.4.0 | 50.00 | NOTE | |||
r-release-macos-x86_64 | 0.4.0 | 67.00 | NOTE | |||
r-release-windows-x86_64 | 0.4.0 | 94.00 | 130.00 | 224.00 | OK | |
r-oldrel-macos-arm64 | 0.4.0 | 56.00 | NOTE | |||
r-oldrel-macos-x86_64 | 0.4.0 | 77.00 | NOTE | |||
r-oldrel-windows-ix86+x86_64 | 0.4.0 | 162.00 | 152.00 | 314.00 | OK |
Version: 0.4.0
Check: installed package size
Result: NOTE
installed size is 8.2Mb
sub-directories of 1Mb or more:
data 1.4Mb
libs 6.4Mb
Flavors: r-release-macos-arm64, r-release-macos-x86_64, r-oldrel-macos-arm64, r-oldrel-macos-x86_64