CRAN Package Check Results for Package GoogleKnowledgeGraphR

Last updated on 2023-01-26 06:52:58 CET.

Flavor Version Tinstall Tcheck Ttotal Status Flags
r-devel-linux-x86_64-debian-clang 0.1.0 1.47 23.24 24.71 NOTE
r-devel-linux-x86_64-debian-gcc 0.1.0 1.79 18.50 20.29 NOTE
r-devel-linux-x86_64-fedora-clang 0.1.0 33.32 NOTE
r-devel-linux-x86_64-fedora-gcc 0.1.0 31.82 NOTE
r-devel-windows-x86_64 0.1.0 39.00 52.00 91.00 NOTE
r-patched-linux-x86_64 0.1.0 1.54 24.01 25.55 NOTE
r-release-linux-x86_64 0.1.0 1.76 24.49 26.25 NOTE
r-release-macos-arm64 0.1.0 18.00 NOTE
r-release-macos-x86_64 0.1.0 22.00 NOTE
r-release-windows-x86_64 0.1.0 75.00 51.00 126.00 NOTE
r-oldrel-macos-arm64 0.1.0 22.00 NOTE
r-oldrel-macos-x86_64 0.1.0 31.00 NOTE
r-oldrel-windows-ix86+x86_64 0.1.0 7.00 47.00 54.00 NOTE

Check Details

Version: 0.1.0
Check: LazyData
Result: NOTE
     'LazyData' is specified without a 'data' directory
Flavors: r-devel-linux-x86_64-debian-clang, r-devel-linux-x86_64-debian-gcc, r-devel-linux-x86_64-fedora-clang, r-devel-linux-x86_64-fedora-gcc, r-devel-windows-x86_64, r-patched-linux-x86_64, r-release-linux-x86_64, r-release-macos-arm64, r-release-macos-x86_64, r-release-windows-x86_64, r-oldrel-macos-arm64, r-oldrel-macos-x86_64, r-oldrel-windows-ix86+x86_64