CRAN Package Check Results for Package GoodmanKruskal

Last updated on 2023-01-28 07:14:56 CET.

Flavor Version Tinstall Tcheck Ttotal Status Flags
r-devel-linux-x86_64-debian-clang 0.0.3 2.27 29.10 31.37 NOTE
r-devel-linux-x86_64-debian-gcc 0.0.3 1.26 22.51 23.77 NOTE
r-devel-linux-x86_64-fedora-clang 0.0.3 41.16 NOTE
r-devel-linux-x86_64-fedora-gcc 0.0.3 49.17 NOTE
r-devel-windows-x86_64 0.0.3 17.00 59.00 76.00 NOTE
r-patched-linux-x86_64 0.0.3 2.27 29.31 31.58 NOTE
r-release-linux-x86_64 0.0.3 2.26 29.39 31.65 NOTE
r-release-macos-arm64 0.0.3 23.00 NOTE
r-release-macos-x86_64 0.0.3 27.00 NOTE
r-release-windows-x86_64 0.0.3 20.00 61.00 81.00 NOTE
r-oldrel-macos-arm64 0.0.3 25.00 NOTE
r-oldrel-macos-x86_64 0.0.3 32.00 NOTE
r-oldrel-windows-ix86+x86_64 0.0.3 6.00 55.00 61.00 NOTE

Check Details

Version: 0.0.3
Check: LazyData
Result: NOTE
     'LazyData' is specified without a 'data' directory
Flavors: r-devel-linux-x86_64-debian-clang, r-devel-linux-x86_64-debian-gcc, r-devel-linux-x86_64-fedora-clang, r-devel-linux-x86_64-fedora-gcc, r-devel-windows-x86_64, r-patched-linux-x86_64, r-release-linux-x86_64, r-release-macos-arm64, r-release-macos-x86_64, r-release-windows-x86_64, r-oldrel-macos-arm64, r-oldrel-macos-x86_64, r-oldrel-windows-ix86+x86_64