Last updated on 2023-01-27 07:50:33 CET.
Flavor | Version | Tinstall | Tcheck | Ttotal | Status | Flags |
---|---|---|---|---|---|---|
r-devel-linux-x86_64-debian-clang | 0.92 | 10.62 | 107.23 | 117.85 | OK | |
r-devel-linux-x86_64-debian-gcc | 0.92 | 9.46 | 79.75 | 89.21 | OK | |
r-devel-linux-x86_64-fedora-clang | 0.92 | 149.59 | NOTE | |||
r-devel-linux-x86_64-fedora-gcc | 0.92 | 142.29 | OK | |||
r-devel-windows-x86_64 | 0.92 | 21.00 | 130.00 | 151.00 | OK | |
r-patched-linux-x86_64 | 0.92 | 11.73 | 102.65 | 114.38 | OK | |
r-release-linux-x86_64 | 0.92 | 10.43 | 103.14 | 113.57 | OK | |
r-release-macos-arm64 | 0.92 | 40.00 | OK | |||
r-release-macos-x86_64 | 0.92 | 75.00 | OK | |||
r-release-windows-x86_64 | 0.92 | 19.00 | 126.00 | 145.00 | OK | |
r-oldrel-macos-arm64 | 0.92 | 44.00 | OK | |||
r-oldrel-macos-x86_64 | 0.92 | 56.00 | OK | |||
r-oldrel-windows-ix86+x86_64 | 0.92 | 28.00 | 125.00 | 153.00 | OK |
Version: 0.92
Check: Rd cross-references
Result: NOTE
Undeclared package ‘goftest’ in Rd xrefs
Flavor: r-devel-linux-x86_64-fedora-clang