Last updated on 2023-11-30 07:52:36 CET.
Flavor | Version | Tinstall | Tcheck | Ttotal | Status | Flags |
---|---|---|---|---|---|---|
r-devel-linux-x86_64-debian-clang | 0.1.0 | 3.91 | 23.62 | 27.53 | OK | |
r-devel-linux-x86_64-debian-gcc | 0.1.0 | 3.28 | 17.79 | 21.07 | OK | |
r-devel-linux-x86_64-fedora-clang | 0.1.0 | 33.90 | NOTE | |||
r-devel-linux-x86_64-fedora-gcc | 0.1.0 | 32.66 | NOTE | |||
r-devel-windows-x86_64 | 0.1.0 | 4.00 | 50.00 | 54.00 | OK | |
r-patched-linux-x86_64 | 0.1.0 | 3.55 | 22.89 | 26.44 | OK | |
r-release-linux-x86_64 | 0.1.0 | 3.78 | 22.67 | 26.45 | OK | |
r-release-macos-arm64 | 0.1.0 | 17.00 | OK | |||
r-release-macos-x86_64 | 0.1.0 | 22.00 | OK | |||
r-release-windows-x86_64 | 0.1.0 | 6.00 | 40.00 | 46.00 | OK | |
r-oldrel-macos-arm64 | 0.1.0 | 19.00 | OK | |||
r-oldrel-macos-x86_64 | 0.1.0 | 22.00 | NOTE | |||
r-oldrel-windows-x86_64 | 0.1.0 | 6.00 | 46.00 | 52.00 | OK |
Version: 0.1.0
Check: dependencies in R code
Result: NOTE
Namespace in Imports field not imported from: ‘R6’
All declared Imports should be used.
Flavors: r-devel-linux-x86_64-fedora-clang, r-devel-linux-x86_64-fedora-gcc, r-oldrel-macos-x86_64