CRAN Package Check Results for Package Ghost

Last updated on 2023-01-26 06:52:58 CET.

Flavor Version Tinstall Tcheck Ttotal Status Flags
r-devel-linux-x86_64-debian-clang 0.1.0 3.24 22.79 26.03 OK
r-devel-linux-x86_64-debian-gcc 0.1.0 3.32 17.97 21.29 OK
r-devel-linux-x86_64-fedora-clang 0.1.0 35.20 NOTE
r-devel-linux-x86_64-fedora-gcc 0.1.0 33.86 NOTE
r-devel-windows-x86_64 0.1.0 16.00 51.00 67.00 OK
r-patched-linux-x86_64 0.1.0 3.19 23.47 26.66 OK
r-release-linux-x86_64 0.1.0 3.05 23.52 26.57 OK
r-release-macos-arm64 0.1.0 15.00 NOTE
r-release-macos-x86_64 0.1.0 22.00 NOTE
r-release-windows-x86_64 0.1.0 17.00 51.00 68.00 OK
r-oldrel-macos-arm64 0.1.0 19.00 NOTE
r-oldrel-macos-x86_64 0.1.0 32.00 NOTE
r-oldrel-windows-ix86+x86_64 0.1.0 10.00 45.00 55.00 OK

Check Details

Version: 0.1.0
Check: dependencies in R code
Result: NOTE
    Namespace in Imports field not imported from: ‘R6’
     All declared Imports should be used.
Flavors: r-devel-linux-x86_64-fedora-clang, r-devel-linux-x86_64-fedora-gcc, r-release-macos-arm64, r-release-macos-x86_64, r-oldrel-macos-arm64, r-oldrel-macos-x86_64