CRAN Package Check Results for Package GeoModels

Last updated on 2023-12-01 07:50:05 CET.

Flavor Version Tinstall Tcheck Ttotal Status Flags
r-devel-linux-x86_64-debian-clang 1.1.5 78.82 240.05 318.87 OK
r-devel-linux-x86_64-debian-gcc 1.1.5 59.90 177.21 237.11 OK
r-devel-linux-x86_64-fedora-clang 1.1.5 418.46 OK
r-devel-linux-x86_64-fedora-gcc 1.1.5 414.18 OK
r-devel-windows-x86_64 1.1.5 69.00 219.00 288.00 OK
r-patched-linux-x86_64 1.1.5 78.60 232.16 310.76 OK
r-release-linux-x86_64 1.1.5 76.32 235.00 311.32 OK
r-release-macos-arm64 1.1.5 105.00 OK
r-release-macos-x86_64 1.1.5 251.00 NOTE
r-release-windows-x86_64 1.1.5 89.00 255.00 344.00 OK
r-oldrel-macos-arm64 1.1.5 111.00 OK
r-oldrel-macos-x86_64 1.1.4 143.00 OK
r-oldrel-windows-x86_64 1.1.5 85.00 238.00 323.00 OK

Check Details

Version: 1.1.5
Check: installed package size
Result: NOTE installed size is 5.1Mb sub-directories of 1Mb or more: libs 3.2Mb Flavor: r-release-macos-x86_64