CRAN Package Check Results for Package GenericML

Last updated on 2024-02-29 07:52:35 CET.

Flavor Version Tinstall Tcheck Ttotal Status Flags
r-devel-linux-x86_64-debian-clang 0.2.2 9.32 120.91 130.23 OK
r-devel-linux-x86_64-debian-gcc 0.2.2 7.54 90.46 98.00 OK
r-devel-linux-x86_64-fedora-clang 0.2.2 159.86 OK
r-devel-linux-x86_64-fedora-gcc 0.2.2 151.10 OK
r-devel-windows-x86_64 0.2.2 10.00 106.00 116.00 OK
r-patched-linux-x86_64 0.2.2 9.74 114.83 124.57 OK
r-release-linux-x86_64 0.2.2 9.82 117.82 127.64 OK
r-release-macos-arm64 0.2.2 49.00 OK
r-release-macos-x86_64 0.2.2 74.00 NOTE
r-release-windows-x86_64 0.2.2 13.00 134.00 147.00 OK
r-oldrel-macos-arm64 0.2.2 47.00 OK
r-oldrel-windows-x86_64 0.2.2 14.00 137.00 151.00 OK

Check Details

Version: 0.2.2
Check: package dependencies
Result: NOTE Package suggested but not available for checking: ‘xgboost’ Flavor: r-release-macos-x86_64