CRAN Package Check Results for Package GeneralizedUmatrix

Last updated on 2025-04-22 08:50:34 CEST.

Flavor Version Tinstall Tcheck Ttotal Status Flags
r-devel-linux-x86_64-debian-clang 1.3.1 41.96 100.92 142.88 OK
r-devel-linux-x86_64-debian-gcc 1.3.1 32.38 73.60 105.98 OK
r-devel-linux-x86_64-fedora-clang 1.3.1 252.19 OK
r-devel-linux-x86_64-fedora-gcc 1.3.1 257.59 OK
r-devel-windows-x86_64 1.3.1 54.00 125.00 179.00 OK
r-patched-linux-x86_64 1.3.1 45.94 96.08 142.02 OK
r-release-linux-x86_64 1.3.1 43.59 96.56 140.15 OK
r-release-macos-arm64 1.3.1 81.00 OK
r-release-macos-x86_64 1.3.1 140.00 OK
r-release-windows-x86_64 1.3.1 55.00 125.00 180.00 OK
r-oldrel-macos-arm64 1.3.1 49.00 NOTE
r-oldrel-macos-x86_64 1.3.1 79.00 NOTE
r-oldrel-windows-x86_64 1.3.1 66.00 154.00 220.00 NOTE

Check Details

Version: 1.3.1
Check: for GNU extensions in Makefiles
Result: NOTE GNU make is a SystemRequirements. Flavors: r-oldrel-macos-arm64, r-oldrel-macos-x86_64, r-oldrel-windows-x86_64