Last updated on 2023-09-21 07:54:53 CEST.
Flavor | Version | Tinstall | Tcheck | Ttotal | Status | Flags |
---|---|---|---|---|---|---|
r-devel-linux-x86_64-debian-clang | 1.1.10 | 6.60 | 1.54 | 8.14 | ERROR | |
r-devel-linux-x86_64-debian-gcc | 1.1.10.1 | 9.26 | 18.67 | 27.93 | OK | |
r-devel-linux-x86_64-fedora-clang | 1.1.10.1 | 53.42 | NOTE | |||
r-devel-linux-x86_64-fedora-gcc | 1.1.10.1 | 48.68 | NOTE | |||
r-devel-windows-x86_64 | 1.1.10.1 | 10.00 | 47.00 | 57.00 | OK | |
r-patched-linux-x86_64 | 1.1.10.1 | 12.17 | 23.39 | 35.56 | OK | |
r-release-linux-x86_64 | 1.1.10 | 12.24 | 23.35 | 35.59 | OK | |
r-release-macos-arm64 | 1.1.10 | 29.00 | OK | |||
r-release-macos-x86_64 | 1.1.10.1 | 52.00 | OK | |||
r-release-windows-x86_64 | 1.1.10.1 | 12.00 | 42.00 | 54.00 | OK | |
r-oldrel-macos-arm64 | 1.1.10 | 31.00 | OK | |||
r-oldrel-macos-x86_64 | 1.1.10 | 35.00 | OK | |||
r-oldrel-windows-x86_64 | 1.1.10.1 | 12.00 | 46.00 | 58.00 | OK |
Version: 1.1.10
Check: whether package can be installed
Result: ERROR
Installation failed.
Flavor: r-devel-linux-x86_64-debian-clang
Version: 1.1.10.1
Check: compiled code
Result: NOTE
File ‘GenSA/libs/GenSA.so’:
Found no calls to: ‘R_registerRoutines’, ‘R_useDynamicSymbols’
It is good practice to register native routines and to disable symbol
search.
See ‘Writing portable packages’ in the ‘Writing R Extensions’ manual.
Flavors: r-devel-linux-x86_64-fedora-clang, r-devel-linux-x86_64-fedora-gcc