Last updated on 2023-02-04 08:01:16 CET.
Flavor | Version | Tinstall | Tcheck | Ttotal | Status | Flags |
---|---|---|---|---|---|---|
r-devel-linux-x86_64-debian-clang | 1.2 | 2.18 | 27.60 | 29.78 | OK | |
r-devel-linux-x86_64-debian-gcc | 1.2 | 1.45 | 21.10 | 22.55 | OK | |
r-devel-linux-x86_64-fedora-clang | 1.2 | 38.70 | NOTE | |||
r-devel-linux-x86_64-fedora-gcc | 1.2 | 37.49 | OK | |||
r-devel-windows-x86_64 | 1.2 | 29.00 | 60.00 | 89.00 | OK | |
r-patched-linux-x86_64 | 1.2 | 2.19 | 25.96 | 28.15 | OK | |
r-release-linux-x86_64 | 1.2 | 2.31 | 27.04 | 29.35 | OK | |
r-release-macos-arm64 | 1.2 | 26.00 | OK | |||
r-release-macos-x86_64 | 1.2 | 36.00 | OK | |||
r-release-windows-x86_64 | 1.2 | 33.00 | 75.00 | 108.00 | OK | |
r-oldrel-macos-arm64 | 1.2 | 25.00 | OK | |||
r-oldrel-macos-x86_64 | 1.2 | 37.00 | OK | |||
r-oldrel-windows-ix86+x86_64 | 1.2 | 5.00 | 46.00 | 51.00 | OK |
Version: 1.2
Check: Rd cross-references
Result: NOTE
Undeclared package ‘poibin’ in Rd xrefs
Flavor: r-devel-linux-x86_64-fedora-clang