Last updated on 2025-01-25 07:50:26 CET.
Flavor | Version | Tinstall | Tcheck | Ttotal | Status | Flags |
---|---|---|---|---|---|---|
r-devel-linux-x86_64-debian-clang | 1.0.0 | 3.30 | 65.07 | 68.37 | OK | |
r-devel-linux-x86_64-debian-gcc | 1.0.0 | 2.40 | 46.93 | 49.33 | OK | |
r-devel-linux-x86_64-fedora-clang | 1.0.0 | 113.49 | OK | |||
r-devel-linux-x86_64-fedora-gcc | 1.0.0 | 121.91 | OK | |||
r-devel-windows-x86_64 | 1.0.0 | 6.00 | 84.00 | 90.00 | OK | |
r-patched-linux-x86_64 | 1.0.0 | 2.56 | 60.39 | 62.95 | OK | |
r-release-linux-x86_64 | 1.0.0 | 2.86 | 59.97 | 62.83 | OK | |
r-release-macos-arm64 | 1.0.0 | 44.00 | NOTE | |||
r-release-macos-x86_64 | 1.0.0 | 111.00 | NOTE | |||
r-release-windows-x86_64 | 1.0.0 | 6.00 | 84.00 | 90.00 | NOTE | |
r-oldrel-macos-arm64 | 1.0.0 | 47.00 | NOTE | |||
r-oldrel-macos-x86_64 | 1.0.0 | 87.00 | NOTE | |||
r-oldrel-windows-x86_64 | 1.0.0 | 7.00 | 92.00 | 99.00 | NOTE |
Version: 1.0.0
Check: installed package size
Result: NOTE
installed size is 6.1Mb
sub-directories of 1Mb or more:
doc 5.7Mb
Flavors: r-release-macos-arm64, r-release-macos-x86_64, r-release-windows-x86_64, r-oldrel-macos-arm64, r-oldrel-macos-x86_64, r-oldrel-windows-x86_64