CRAN Package Check Results for Package GWalkR

Last updated on 2025-01-20 08:48:26 CET.

Flavor Version Tinstall Tcheck Ttotal Status Flags
r-devel-linux-x86_64-debian-clang 0.2.0 5.51 39.54 45.05 OK
r-devel-linux-x86_64-debian-gcc 0.2.0 3.33 31.03 34.36 OK
r-devel-linux-x86_64-fedora-clang 0.2.0 73.84 OK
r-devel-linux-x86_64-fedora-gcc 0.2.0 70.60 OK
r-devel-windows-x86_64 0.2.0 6.00 56.00 62.00 OK
r-patched-linux-x86_64 0.2.0 4.11 36.78 40.89 OK
r-release-linux-x86_64 0.2.0 5.43 37.35 42.78 OK
r-release-macos-arm64 0.2.0 25.00 NOTE
r-release-macos-x86_64 0.2.0 40.00 NOTE
r-release-windows-x86_64 0.2.0 7.00 56.00 63.00 NOTE
r-oldrel-macos-arm64 0.2.0 31.00 NOTE
r-oldrel-macos-x86_64 0.2.0 42.00 NOTE
r-oldrel-windows-x86_64 0.2.0 9.00 63.00 72.00 NOTE

Check Details

Version: 0.2.0
Check: installed package size
Result: NOTE installed size is 8.3Mb sub-directories of 1Mb or more: htmlwidgets 8.2Mb Flavors: r-release-macos-arm64, r-release-macos-x86_64, r-release-windows-x86_64, r-oldrel-macos-arm64, r-oldrel-macos-x86_64, r-oldrel-windows-x86_64