CRAN Package Check Results for Package GWLelast

Last updated on 2024-06-19 08:57:50 CEST.

Flavor Version Tinstall Tcheck Ttotal Status Flags
r-devel-linux-x86_64-debian-clang 1.2.2 9.75 72.26 82.01 NOTE
r-devel-linux-x86_64-debian-gcc 1.2.2 7.13 55.65 62.78 NOTE
r-devel-linux-x86_64-fedora-clang 1.2.2 101.70 NOTE
r-devel-linux-x86_64-fedora-gcc 1.2.2 101.24 NOTE
r-devel-windows-x86_64 1.2.2 7.00 68.00 75.00 NOTE
r-patched-linux-x86_64 1.2.2 7.60 69.43 77.03 NOTE
r-release-linux-x86_64 1.2.2 9.04 71.12 80.16 NOTE
r-release-macos-arm64 1.2.2 32.00 NOTE
r-release-macos-x86_64 1.2.2 47.00 NOTE
r-release-windows-x86_64 1.2.2 8.00 70.00 78.00 NOTE
r-oldrel-macos-arm64 1.2.2 36.00 NOTE
r-oldrel-macos-x86_64 1.2.2 56.00 NOTE
r-oldrel-windows-x86_64 1.2.2 10.00 81.00 91.00 NOTE

Check Details

Version: 1.2.2
Check: LazyData
Result: NOTE 'LazyData' is specified without a 'data' directory Flavors: r-devel-linux-x86_64-debian-clang, r-devel-linux-x86_64-debian-gcc, r-devel-linux-x86_64-fedora-clang, r-devel-linux-x86_64-fedora-gcc, r-devel-windows-x86_64, r-patched-linux-x86_64, r-release-linux-x86_64, r-release-macos-arm64, r-release-macos-x86_64, r-release-windows-x86_64, r-oldrel-macos-arm64, r-oldrel-macos-x86_64, r-oldrel-windows-x86_64

Version: 1.2.2
Check: dependencies in R code
Result: NOTE Namespaces in Imports field not imported from: ‘doParallel’ ‘foreach’ ‘spgwr’ All declared Imports should be used. Flavors: r-devel-linux-x86_64-fedora-clang, r-devel-linux-x86_64-fedora-gcc