Last updated on 2023-02-06 06:51:58 CET.
Flavor | Version | Tinstall | Tcheck | Ttotal | Status | Flags |
---|---|---|---|---|---|---|
r-devel-linux-x86_64-debian-clang | 1.0.2 | 7.19 | 42.49 | 49.68 | OK | |
r-devel-linux-x86_64-debian-gcc | 1.0.2 | 4.57 | 32.82 | 37.39 | OK | |
r-devel-linux-x86_64-fedora-clang | 1.0.2 | 61.69 | NOTE | |||
r-devel-linux-x86_64-fedora-gcc | 1.0.2 | 61.19 | NOTE | |||
r-devel-windows-x86_64 | 1.0.2 | 33.00 | 92.00 | 125.00 | OK | |
r-patched-linux-x86_64 | 1.0.2 | 7.17 | 42.04 | 49.21 | OK | |
r-release-linux-x86_64 | 1.0.2 | 7.53 | 40.99 | 48.52 | OK | |
r-release-macos-arm64 | 1.0.2 | 26.00 | OK | |||
r-release-macos-x86_64 | 1.0.2 | 45.00 | OK | |||
r-release-windows-x86_64 | 1.0.2 | 36.00 | 89.00 | 125.00 | OK | |
r-oldrel-macos-arm64 | 1.0.2 | 36.00 | OK | |||
r-oldrel-macos-x86_64 | 1.0.2 | 41.00 | OK | |||
r-oldrel-windows-ix86+x86_64 | 1.0.2 | 20.00 | 101.00 | 121.00 | OK |
Version: 1.0.2
Check: compiled code
Result: NOTE
File ‘GWEX/libs/GWEX.so’:
Found no calls to: ‘R_registerRoutines’, ‘R_useDynamicSymbols’
It is good practice to register native routines and to disable symbol
search.
See ‘Writing portable packages’ in the ‘Writing R Extensions’ manual.
Flavors: r-devel-linux-x86_64-fedora-clang, r-devel-linux-x86_64-fedora-gcc