Last updated on 2023-01-28 07:14:57 CET.
Flavor | Version | Tinstall | Tcheck | Ttotal | Status | Flags |
---|---|---|---|---|---|---|
r-devel-linux-x86_64-debian-clang | 2.2 | 35.55 | 85.55 | 121.10 | OK | |
r-devel-linux-x86_64-debian-gcc | 2.2 | 29.10 | 65.83 | 94.93 | NOTE | |
r-devel-linux-x86_64-fedora-clang | 2.2 | 173.53 | OK | |||
r-devel-linux-x86_64-fedora-gcc | 2.2 | 155.71 | NOTE | |||
r-devel-windows-x86_64 | 2.2 | 77.00 | 129.00 | 206.00 | OK | |
r-patched-linux-x86_64 | 2.2 | 28.60 | 83.87 | 112.47 | NOTE | |
r-release-linux-x86_64 | 2.2 | 24.35 | 85.21 | 109.56 | NOTE | |
r-release-macos-arm64 | 2.2 | 43.00 | OK | |||
r-release-macos-x86_64 | 2.2 | 68.00 | OK | |||
r-release-windows-x86_64 | 2.2 | 36.00 | 132.00 | 168.00 | NOTE | |
r-oldrel-macos-arm64 | 2.2 | 46.00 | OK | |||
r-oldrel-macos-x86_64 | 2.2 | 64.00 | OK | |||
r-oldrel-windows-ix86+x86_64 | 2.2 | 92.00 | 150.00 | 242.00 | OK |
Version: 2.2
Check: C++ specification
Result: NOTE
Specified C++11: please update to current default of C++17
Flavors: r-devel-linux-x86_64-debian-gcc, r-devel-linux-x86_64-fedora-gcc
Version: 2.2
Check: HTML version of manual
Result: NOTE
Found the following problems:
GWASinlps.Rd:187:1: Warning: trimming empty <h4>
Flavors: r-patched-linux-x86_64, r-release-linux-x86_64, r-release-windows-x86_64