CRAN Package Check Results for Package GUIProfiler

Last updated on 2024-05-24 07:59:48 CEST.

Flavor Version Tinstall Tcheck Ttotal Status Flags
r-devel-linux-x86_64-debian-clang 2.0.1 5.60 53.17 58.77 NOTE
r-devel-linux-x86_64-debian-gcc 2.0.1 3.83 43.25 47.08 NOTE
r-devel-linux-x86_64-fedora-clang 2.0.1 71.38 NOTE
r-devel-linux-x86_64-fedora-gcc 2.0.1 73.84 NOTE
r-devel-windows-x86_64 2.0.1 4.00 62.00 66.00 OK
r-patched-linux-x86_64 2.0.1 5.32 55.36 60.68 NOTE
r-release-linux-x86_64 2.0.1 5.30 53.46 58.76 NOTE
r-release-macos-arm64 2.0.1 30.00 OK
r-release-macos-x86_64 2.0.1 54.00 OK
r-release-windows-x86_64 2.0.1 5.00 63.00 68.00 OK
r-oldrel-macos-arm64 2.0.1 31.00 OK
r-oldrel-macos-x86_64 2.0.1 44.00 OK
r-oldrel-windows-x86_64 2.0.1 6.00 69.00 75.00 OK

Check Details

Version: 2.0.1
Check: for non-standard things in the check directory
Result: NOTE Found the following files/directories: ‘RRprof.out’ Flavors: r-devel-linux-x86_64-debian-clang, r-devel-linux-x86_64-debian-gcc, r-devel-linux-x86_64-fedora-clang, r-devel-linux-x86_64-fedora-gcc, r-patched-linux-x86_64, r-release-linux-x86_64