Last updated on 2023-01-28 07:14:56 CET.
Flavor | Version | Tinstall | Tcheck | Ttotal | Status | Flags |
---|---|---|---|---|---|---|
r-devel-linux-x86_64-debian-clang | 4.2-1 | 91.46 | 85.52 | 176.98 | OK | |
r-devel-linux-x86_64-debian-gcc | 4.2-1 | 78.49 | 64.06 | 142.55 | OK | |
r-devel-linux-x86_64-fedora-clang | 4.2-1 | 249.99 | OK | |||
r-devel-linux-x86_64-fedora-gcc | 4.2-1 | 231.85 | OK | |||
r-devel-windows-x86_64 | 4.2-1 | 92.00 | 135.00 | 227.00 | OK | |
r-patched-linux-x86_64 | 4.2-1 | 85.82 | 81.67 | 167.49 | OK | |
r-release-linux-x86_64 | 4.2-1 | 80.85 | 82.24 | 163.09 | OK | |
r-release-macos-arm64 | 4.2-1 | 61.00 | NOTE | |||
r-release-macos-x86_64 | 4.2-1 | 81.00 | OK | |||
r-release-windows-x86_64 | 4.2-1 | 87.00 | 145.00 | 232.00 | OK | |
r-oldrel-macos-arm64 | 4.2-1 | 65.00 | NOTE | |||
r-oldrel-macos-x86_64 | 4.2-1 | 83.00 | OK | |||
r-oldrel-windows-ix86+x86_64 | 4.2-1 | 223.00 | 147.00 | 370.00 | OK |
Version: 4.2-1
Check: installed package size
Result: NOTE
installed size is 5.2Mb
sub-directories of 1Mb or more:
libs 4.7Mb
Flavors: r-release-macos-arm64, r-oldrel-macos-arm64