CRAN Package Check Results for Package GRANBase

Last updated on 2023-01-28 07:14:56 CET.

Flavor Version Tinstall Tcheck Ttotal Status Flags
r-devel-linux-x86_64-debian-clang 2.6.20 12.81 217.71 230.52 NOTE
r-devel-linux-x86_64-debian-gcc 2.6.20 9.19 163.29 172.48 NOTE
r-devel-linux-x86_64-fedora-clang 2.6.20 310.77 NOTE
r-devel-linux-x86_64-fedora-gcc 2.6.20 135.73 NOTE
r-devel-windows-x86_64 2.6.20 71.00 211.00 282.00 NOTE
r-patched-linux-x86_64 2.6.20 16.87 218.89 235.76 OK
r-release-linux-x86_64 2.6.20 7.48 226.84 234.32 OK
r-release-macos-arm64 2.6.20 139.00 OK
r-release-macos-x86_64 2.6.20 227.00 OK
r-release-windows-x86_64 2.6.20 62.00 214.00 276.00 OK
r-oldrel-macos-arm64 2.6.20 165.00 NOTE
r-oldrel-macos-x86_64 2.6.20 208.00 OK
r-oldrel-windows-ix86+x86_64 2.6.20 27.00 264.00 291.00 OK

Check Details

Version: 2.6.20
Check: package subdirectories
Result: NOTE
    Problems with news in ‘NEWS.md’:
    No news entries found.
Flavors: r-devel-linux-x86_64-debian-clang, r-devel-linux-x86_64-debian-gcc, r-devel-linux-x86_64-fedora-clang, r-devel-linux-x86_64-fedora-gcc, r-devel-windows-x86_64

Version: 2.6.20
Check: package dependencies
Result: NOTE
    Package suggested but not available for checking: ‘hexSticker’
Flavor: r-oldrel-macos-arm64