Last updated on 2023-02-05 07:57:24 CET.
Flavor | Version | Tinstall | Tcheck | Ttotal | Status | Flags |
---|---|---|---|---|---|---|
r-devel-linux-x86_64-debian-clang | 1.3 | 10.61 | 771.90 | 782.51 | OK | |
r-devel-linux-x86_64-debian-gcc | 1.3 | 8.72 | 514.35 | 523.07 | OK | |
r-devel-linux-x86_64-fedora-clang | 1.3 | 911.18 | NOTE | |||
r-devel-linux-x86_64-fedora-gcc | 1.3 | 920.98 | OK | |||
r-devel-windows-x86_64 | 1.3 | 45.00 | 196.00 | 241.00 | NOTE | --no-vignettes |
r-patched-linux-x86_64 | 1.3 | 9.89 | 712.63 | 722.52 | OK | |
r-release-linux-x86_64 | 1.3 | 9.27 | 699.79 | 709.06 | OK | |
r-release-macos-arm64 | 1.3 | 213.00 | NOTE | |||
r-release-macos-x86_64 | 1.3 | 239.00 | NOTE | |||
r-release-windows-x86_64 | 1.3 | 33.00 | 185.00 | 218.00 | NOTE | --no-vignettes |
r-oldrel-macos-arm64 | 1.3 | 186.00 | NOTE | |||
r-oldrel-macos-x86_64 | 1.3 | 295.00 | NOTE | |||
r-oldrel-windows-ix86+x86_64 | 1.3 | 22.00 | 178.00 | 200.00 | NOTE | --no-vignettes |
Version: 1.3
Check: installed package size
Result: NOTE
installed size is 5.5Mb
sub-directories of 1Mb or more:
data 1.6Mb
doc 3.5Mb
Flavors: r-devel-linux-x86_64-fedora-clang, r-release-macos-arm64, r-release-macos-x86_64, r-oldrel-macos-arm64, r-oldrel-macos-x86_64
Version: 1.3
Flags: --no-vignettes
Check: installed package size
Result: NOTE
installed size is 5.5Mb
sub-directories of 1Mb or more:
data 1.6Mb
doc 3.5Mb
Flavors: r-devel-windows-x86_64, r-release-windows-x86_64, r-oldrel-windows-ix86+x86_64