Last updated on 2023-01-29 07:56:05 CET.
Flavor | Version | Tinstall | Tcheck | Ttotal | Status | Flags |
---|---|---|---|---|---|---|
r-devel-linux-x86_64-debian-clang | 0.1-6 | 57.91 | 250.53 | 308.44 | NOTE | |
r-devel-linux-x86_64-debian-gcc | 0.1-6 | 47.45 | 171.48 | 218.93 | NOTE | |
r-devel-linux-x86_64-fedora-clang | 0.1-6 | 409.33 | NOTE | |||
r-devel-linux-x86_64-fedora-gcc | 0.1-6 | 356.21 | NOTE | |||
r-devel-windows-x86_64 | 0.1-6 | 78.00 | 239.00 | 317.00 | NOTE | |
r-patched-linux-x86_64 | 0.1-6 | 47.51 | 227.76 | 275.27 | NOTE | |
r-release-linux-x86_64 | 0.1-6 | 39.93 | 226.98 | 266.91 | NOTE | |
r-release-macos-arm64 | 0.1-6 | 93.00 | OK | |||
r-release-macos-x86_64 | 0.1-6 | 128.00 | OK | |||
r-release-windows-x86_64 | 0.1-6 | 69.00 | 236.00 | 305.00 | OK | |
r-oldrel-macos-arm64 | 0.1-6 | 96.00 | OK | |||
r-oldrel-macos-x86_64 | 0.1-6 | 132.00 | OK | |||
r-oldrel-windows-ix86+x86_64 | 0.1-6 | 144.00 | 344.00 | 488.00 | OK |
Version: 0.1-6
Check: package dependencies
Result: NOTE
Package suggested but not available for checking: ‘gvcm.cat’
Flavors: r-devel-linux-x86_64-debian-clang, r-devel-linux-x86_64-debian-gcc, r-devel-linux-x86_64-fedora-clang, r-devel-linux-x86_64-fedora-gcc, r-patched-linux-x86_64, r-release-linux-x86_64
Version: 0.1-6
Check: Rd cross-references
Result: NOTE
Unknown package ‘gvcm.cat’ in Rd xrefs
Flavors: r-devel-linux-x86_64-debian-clang, r-devel-linux-x86_64-debian-gcc, r-devel-linux-x86_64-fedora-clang, r-devel-linux-x86_64-fedora-gcc, r-patched-linux-x86_64, r-release-linux-x86_64
Version: 0.1-6
Check: C++ specification
Result: NOTE
Specified C++11: please update to current default of C++17
Flavors: r-devel-linux-x86_64-debian-gcc, r-devel-linux-x86_64-fedora-gcc, r-devel-windows-x86_64