Last updated on 2023-02-03 06:50:20 CET.
Flavor | Version | Tinstall | Tcheck | Ttotal | Status | Flags |
---|---|---|---|---|---|---|
r-devel-linux-x86_64-debian-gcc | 0.1.0-5.1 | 163.58 | 40.09 | 203.67 | OK | |
r-devel-linux-x86_64-fedora-clang | 0.1.0-5.1 | 319.17 | OK | |||
r-devel-linux-x86_64-fedora-gcc | 0.1.0-5.1 | 346.51 | OK | |||
r-release-linux-x86_64 | 0.1.0-5.1 | 173.88 | 47.57 | 221.45 | OK | |
r-release-macos-arm64 | 0.1.0-5.1 | 82.00 | NOTE | |||
r-release-macos-x86_64 | 0.1.0-5 | 107.00 | NOTE | |||
r-oldrel-macos-arm64 | 0.1.0-5.1 | 72.00 | NOTE | |||
r-oldrel-macos-x86_64 | 0.1.0-5 | 107.00 | NOTE | |||
r-oldrel-windows-ix86+x86_64 | 0.1.0-5.1 | 316.00 | 121.00 | 437.00 | OK |
Version: 0.1.0-5.1
Check: installed package size
Result: NOTE
installed size is 30.1Mb
sub-directories of 1Mb or more:
libs 29.7Mb
Flavors: r-release-macos-arm64, r-oldrel-macos-arm64
Version: 0.1.0-5
Check: installed package size
Result: NOTE
installed size is 31.5Mb
sub-directories of 1Mb or more:
libs 31.1Mb
Flavors: r-release-macos-x86_64, r-oldrel-macos-x86_64