CRAN Package Check Results for Package GMKMcharlie

Last updated on 2024-02-23 07:52:10 CET.

Flavor Version Tinstall Tcheck Ttotal Status Flags
r-devel-linux-x86_64-debian-clang 1.1.5 NOTE
r-devel-linux-x86_64-debian-gcc 1.1.5 145.56 50.19 195.75 NOTE
r-devel-linux-x86_64-fedora-clang 1.1.5 367.84 NOTE
r-devel-linux-x86_64-fedora-gcc 1.1.5 388.26 NOTE
r-devel-windows-x86_64 1.1.5 143.00 99.00 242.00 NOTE
r-patched-linux-x86_64 1.1.5 168.20 66.33 234.53 NOTE
r-release-linux-x86_64 1.1.5 178.44 64.37 242.81 NOTE
r-release-macos-arm64 1.1.5 91.00 NOTE
r-release-macos-x86_64 1.1.5 171.00 NOTE
r-release-windows-x86_64 1.1.5 180.00 111.00 291.00 NOTE
r-oldrel-macos-arm64 1.1.5 84.00 NOTE
r-oldrel-windows-x86_64 1.1.5 167.00 107.00 274.00 NOTE

Check Details

Version: 1.1.5
Check: C++ specification
Result: NOTE Specified C++11: please drop specification unless essential Flavors: r-devel-linux-x86_64-debian-clang, r-devel-linux-x86_64-debian-gcc, r-devel-linux-x86_64-fedora-clang, r-devel-linux-x86_64-fedora-gcc, r-devel-windows-x86_64, r-patched-linux-x86_64, r-release-linux-x86_64, r-release-macos-arm64, r-release-macos-x86_64, r-release-windows-x86_64

Version: 1.1.5
Check: for GNU extensions in Makefiles
Result: NOTE GNU make is a SystemRequirements. Flavors: r-devel-linux-x86_64-debian-clang, r-devel-linux-x86_64-debian-gcc, r-devel-linux-x86_64-fedora-clang, r-devel-linux-x86_64-fedora-gcc, r-devel-windows-x86_64, r-patched-linux-x86_64, r-release-linux-x86_64, r-release-macos-arm64, r-release-macos-x86_64, r-release-windows-x86_64, r-oldrel-macos-arm64, r-oldrel-windows-x86_64

Version: 1.1.5
Check: installed package size
Result: NOTE installed size is 9.7Mb sub-directories of 1Mb or more: libs 9.6Mb Flavors: r-release-macos-arm64, r-release-macos-x86_64, r-oldrel-macos-arm64