CRAN Package Check Results for Package GMKMcharlie

Last updated on 2023-02-04 08:01:17 CET.

Flavor Version Tinstall Tcheck Ttotal Status Flags
r-devel-linux-x86_64-debian-clang 1.1.5 176.05 63.50 239.55 NOTE
r-devel-linux-x86_64-debian-gcc 1.1.5 140.72 49.70 190.42 NOTE
r-devel-linux-x86_64-fedora-clang 1.1.5 342.09 NOTE
r-devel-linux-x86_64-fedora-gcc 1.1.5 326.60 NOTE
r-devel-windows-x86_64 1.1.5 152.00 117.00 269.00 NOTE
r-patched-linux-x86_64 1.1.5 144.66 66.07 210.73 NOTE
r-release-linux-x86_64 1.1.5 149.50 66.19 215.69 NOTE
r-release-macos-arm64 1.1.5 91.00 NOTE
r-release-macos-x86_64 1.1.5 114.00 NOTE
r-release-windows-x86_64 1.1.5 151.00 125.00 276.00 NOTE
r-oldrel-macos-arm64 1.1.5 103.00 NOTE
r-oldrel-macos-x86_64 1.1.5 114.00 NOTE
r-oldrel-windows-ix86+x86_64 1.1.5 400.00 159.00 559.00 NOTE

Check Details

Version: 1.1.5
Check: C++ specification
Result: NOTE
     Specified C++11: please update to current default of C++17
Flavors: r-devel-linux-x86_64-debian-clang, r-devel-linux-x86_64-debian-gcc, r-devel-linux-x86_64-fedora-clang, r-devel-linux-x86_64-fedora-gcc, r-devel-windows-x86_64

Version: 1.1.5
Check: for GNU extensions in Makefiles
Result: NOTE
    GNU make is a SystemRequirements.
Flavors: r-devel-linux-x86_64-debian-clang, r-devel-linux-x86_64-debian-gcc, r-devel-linux-x86_64-fedora-clang, r-devel-linux-x86_64-fedora-gcc, r-devel-windows-x86_64, r-patched-linux-x86_64, r-release-linux-x86_64, r-release-macos-arm64, r-release-macos-x86_64, r-release-windows-x86_64, r-oldrel-macos-arm64, r-oldrel-macos-x86_64, r-oldrel-windows-ix86+x86_64

Version: 1.1.5
Check: installed package size
Result: NOTE
     installed size is 9.6Mb
     sub-directories of 1Mb or more:
     libs 9.5Mb
Flavors: r-release-macos-arm64, r-release-macos-x86_64, r-oldrel-macos-arm64, r-oldrel-macos-x86_64