Last updated on 2023-01-30 09:54:13 CET.
Flavor | Version | Tinstall | Tcheck | Ttotal | Status | Flags |
---|---|---|---|---|---|---|
r-devel-linux-x86_64-debian-clang | 1.15.6 | 28.69 | 265.52 | 294.21 | NOTE | |
r-devel-linux-x86_64-debian-gcc | 1.15.6 | 23.94 | 196.29 | 220.23 | NOTE | |
r-devel-linux-x86_64-fedora-clang | 1.15.6 | 368.59 | NOTE | |||
r-devel-linux-x86_64-fedora-gcc | 1.15.6 | 375.61 | NOTE | |||
r-devel-windows-x86_64 | 1.15.6 | 47.00 | 264.00 | 311.00 | NOTE | |
r-patched-linux-x86_64 | 1.15.6 | 32.04 | 264.39 | 296.43 | NOTE | |
r-release-linux-x86_64 | 1.15.6 | 31.93 | 260.53 | 292.46 | NOTE | |
r-release-macos-arm64 | 1.15.6 | 71.00 | NOTE | |||
r-release-macos-x86_64 | 1.15.6 | 104.00 | NOTE | |||
r-release-windows-x86_64 | 1.15.6 | 33.00 | 273.00 | 306.00 | NOTE | |
r-oldrel-macos-arm64 | 1.15.6 | 44.00 | NOTE | |||
r-oldrel-macos-x86_64 | 1.15.6 | 78.00 | NOTE | |||
r-oldrel-windows-ix86+x86_64 | 1.15.6 | 64.00 | 263.00 | 327.00 | NOTE |
Version: 1.15.6
Check: LazyData
Result: NOTE
'LazyData' is specified without a 'data' directory
Flavors: r-devel-linux-x86_64-debian-clang, r-devel-linux-x86_64-debian-gcc, r-devel-linux-x86_64-fedora-clang, r-devel-linux-x86_64-fedora-gcc, r-devel-windows-x86_64, r-patched-linux-x86_64, r-release-linux-x86_64, r-release-macos-arm64, r-release-macos-x86_64, r-release-windows-x86_64, r-oldrel-macos-arm64, r-oldrel-macos-x86_64, r-oldrel-windows-ix86+x86_64