Last updated on 2023-10-03 08:04:51 CEST.
Flavor | Version | Tinstall | Tcheck | Ttotal | Status | Flags |
---|---|---|---|---|---|---|
r-devel-linux-x86_64-debian-clang | 2.1.1 | 41.81 | 116.35 | 158.16 | NOTE | |
r-devel-linux-x86_64-debian-gcc | 2.1.1 | 31.28 | 86.15 | 117.43 | NOTE | |
r-devel-linux-x86_64-fedora-clang | 2.1.1 | 203.56 | NOTE | |||
r-devel-linux-x86_64-fedora-gcc | 2.1.1 | 243.16 | NOTE | |||
r-devel-windows-x86_64 | 2.1.1 | 33.00 | 128.00 | 161.00 | NOTE | |
r-patched-linux-x86_64 | 2.1.1 | 29.87 | 111.08 | 140.95 | NOTE | |
r-release-linux-x86_64 | 2.1.1 | 43.31 | 111.66 | 154.97 | NOTE | |
r-release-macos-arm64 | 2.1.1 | 87.00 | NOTE | |||
r-release-macos-x86_64 | 2.1.1 | 121.00 | NOTE | |||
r-release-windows-x86_64 | 2.1.1 | 44.00 | 149.00 | 193.00 | NOTE | |
r-oldrel-macos-arm64 | 2.1.1 | 75.00 | NOTE | |||
r-oldrel-macos-x86_64 | 2.1.1 | 171.00 | NOTE | |||
r-oldrel-windows-x86_64 | 2.1.1 | 43.00 | 150.00 | 193.00 | OK |
Version: 2.1.1
Check: C++ specification
Result: NOTE
Specified C++11: please drop specification unless essential
Flavors: r-devel-linux-x86_64-debian-clang, r-devel-linux-x86_64-debian-gcc, r-devel-linux-x86_64-fedora-clang, r-devel-linux-x86_64-fedora-gcc, r-devel-windows-x86_64, r-patched-linux-x86_64, r-release-linux-x86_64, r-release-macos-arm64, r-release-macos-x86_64, r-release-windows-x86_64
Version: 2.1.1
Check: Rd files
Result: NOTE
checkRd: (-1) boot_eip.Rd:50: Escaped LaTeX specials: \&
checkRd: (-1) constrained.Rd:93: Escaped LaTeX specials: \&
Flavors: r-devel-linux-x86_64-debian-clang, r-devel-linux-x86_64-debian-gcc, r-devel-linux-x86_64-fedora-clang, r-devel-linux-x86_64-fedora-gcc, r-devel-windows-x86_64, r-patched-linux-x86_64, r-release-linux-x86_64, r-release-macos-arm64, r-release-macos-x86_64, r-release-windows-x86_64
Version: 2.1.1
Check: dependencies in R code
Result: NOTE
Namespaces in Imports field not imported from:
‘Rdpack’ ‘mathjaxr’
All declared Imports should be used.
Flavors: r-devel-linux-x86_64-fedora-clang, r-devel-linux-x86_64-fedora-gcc, r-oldrel-macos-arm64, r-oldrel-macos-x86_64
Version: 2.1.1
Check: package dependencies
Result: NOTE
Packages suggested but not available for checking:
'car', 'NetworkToolbox', 'NetworkComparisonTest'
Flavor: r-release-macos-x86_64