CRAN Package Check Results for Package GFGM.copula

Last updated on 2023-12-03 08:50:08 CET.

Flavor Version Tinstall Tcheck Ttotal Status Flags
r-devel-linux-x86_64-debian-clang 1.0.4 11.23 82.44 93.67 NOTE
r-devel-linux-x86_64-debian-gcc 1.0.4 10.31 62.84 73.15 NOTE
r-devel-linux-x86_64-fedora-clang 1.0.4 117.41 NOTE
r-devel-linux-x86_64-fedora-gcc 1.0.4 113.82 NOTE
r-devel-windows-x86_64 1.0.4 11.00 78.00 89.00 NOTE
r-patched-linux-x86_64 1.0.4 12.15 80.72 92.87 NOTE
r-release-linux-x86_64 1.0.4 13.53 80.52 94.05 NOTE
r-release-macos-arm64 1.0.4 37.00 NOTE
r-release-macos-x86_64 1.0.4 59.00 NOTE
r-release-windows-x86_64 1.0.4 14.00 88.00 102.00 NOTE
r-oldrel-macos-arm64 1.0.4 34.00 NOTE
r-oldrel-macos-x86_64 1.0.4 48.00 NOTE
r-oldrel-windows-x86_64 1.0.4 13.00 88.00 101.00 NOTE

Check Details

Version: 1.0.4
Check: LazyData
Result: NOTE 'LazyData' is specified without a 'data' directory Flavors: r-devel-linux-x86_64-debian-clang, r-devel-linux-x86_64-debian-gcc, r-devel-linux-x86_64-fedora-clang, r-devel-linux-x86_64-fedora-gcc, r-devel-windows-x86_64, r-patched-linux-x86_64, r-release-linux-x86_64, r-release-macos-arm64, r-release-macos-x86_64, r-release-windows-x86_64, r-oldrel-macos-arm64, r-oldrel-macos-x86_64, r-oldrel-windows-x86_64