Last updated on 2023-11-28 07:53:03 CET.
Flavor | Version | Tinstall | Tcheck | Ttotal | Status | Flags |
---|---|---|---|---|---|---|
r-devel-linux-x86_64-debian-clang | 0.5 | 13.15 | 231.33 | 244.48 | NOTE | |
r-devel-linux-x86_64-debian-gcc | 0.5 | 11.77 | 172.51 | 184.28 | NOTE | |
r-devel-linux-x86_64-fedora-clang | 0.5 | 301.91 | OK | |||
r-devel-linux-x86_64-fedora-gcc | 0.5 | 305.37 | OK | |||
r-devel-windows-x86_64 | 0.5 | 13.00 | 262.00 | 275.00 | OK | |
r-patched-linux-x86_64 | 0.5 | 14.03 | 218.52 | 232.55 | OK | |
r-release-linux-x86_64 | 0.5 | 12.53 | 218.88 | 231.41 | OK | |
r-release-macos-arm64 | 0.5 | 103.00 | OK | |||
r-release-macos-x86_64 | 0.5 | 340.00 | OK | |||
r-release-windows-x86_64 | 0.5 | 16.00 | 288.00 | 304.00 | OK | |
r-oldrel-macos-arm64 | 0.5 | 172.00 | OK | |||
r-oldrel-macos-x86_64 | 0.5 | 127.00 | OK | |||
r-oldrel-windows-x86_64 | 0.5 | 18.00 | 283.00 | 301.00 | OK |
Version: 0.5
Check: Rd files
Result: NOTE
checkRd: (-1) residual.Rd:23: Lost braces; missing escapes or markup?
23 | Subtract the theoretical function S_{H_0} or the mean of the functions
| ^
Flavors: r-devel-linux-x86_64-debian-clang, r-devel-linux-x86_64-debian-gcc