Last updated on 2023-02-07 07:54:02 CET.
Flavor | Version | Tinstall | Tcheck | Ttotal | Status | Flags |
---|---|---|---|---|---|---|
r-devel-linux-x86_64-debian-clang | 1.1.9 | 108.29 | 131.06 | 239.35 | NOTE | |
r-devel-linux-x86_64-debian-gcc | 1.1.9 | 75.50 | 100.86 | 176.36 | NOTE | |
r-devel-linux-x86_64-fedora-clang | 1.1.9 | 351.03 | NOTE | |||
r-devel-linux-x86_64-fedora-gcc | 1.1.9 | 320.31 | NOTE | |||
r-devel-windows-x86_64 | 1.1.9 | 128.00 | 218.00 | 346.00 | OK | |
r-patched-linux-x86_64 | 1.1.9 | 97.23 | 126.04 | 223.27 | OK | |
r-release-linux-x86_64 | 1.1.9 | 86.94 | 125.09 | 212.03 | OK | |
r-release-macos-arm64 | 1.1.9 | 86.00 | OK | |||
r-release-macos-x86_64 | 1.1.9 | 126.00 | OK | |||
r-release-windows-x86_64 | 1.1.9 | 131.00 | 235.00 | 366.00 | OK | |
r-oldrel-macos-arm64 | 1.1.9 | 76.00 | OK | |||
r-oldrel-macos-x86_64 | 1.1.9 | 124.00 | OK | |||
r-oldrel-windows-ix86+x86_64 | 1.1.9 | 281.00 | 283.00 | 564.00 | OK |
Version: 1.1.9
Check: C++ specification
Result: NOTE
Specified C++11: please update to current default of C++17
Flavors: r-devel-linux-x86_64-debian-clang, r-devel-linux-x86_64-debian-gcc, r-devel-linux-x86_64-fedora-clang, r-devel-linux-x86_64-fedora-gcc