CRAN Package Check Results for Package GEEaSPU

Last updated on 2023-02-03 06:50:19 CET.

Flavor Version Tinstall Tcheck Ttotal Status Flags
r-devel-linux-x86_64-debian-clang 1.0.2 53.72 31.12 84.84 OK
r-devel-linux-x86_64-debian-gcc 1.0.2 33.51 23.48 56.99 OK
r-devel-linux-x86_64-fedora-clang 1.0.2 118.01 NOTE
r-devel-linux-x86_64-fedora-gcc 1.0.2 99.58 NOTE
r-patched-linux-x86_64 1.0.2 42.84 30.36 73.20 OK
r-release-linux-x86_64 1.0.2 39.30 29.68 68.98 OK
r-release-macos-arm64 1.0.2 33.00 OK
r-release-macos-x86_64 1.0.2 44.00 OK
r-release-windows-x86_64 1.0.2 45.00 83.00 128.00 OK
r-oldrel-macos-arm64 1.0.2 36.00 NOTE
r-oldrel-macos-x86_64 1.0.2 61.00 OK
r-oldrel-windows-ix86+x86_64 1.0.2 110.00 81.00 191.00 OK

Check Details

Version: 1.0.2
Check: compiled code
Result: NOTE
    File ‘GEEaSPU/libs/GEEaSPU.so’:
     Found no calls to: ‘R_registerRoutines’, ‘R_useDynamicSymbols’
    
    It is good practice to register native routines and to disable symbol
    search.
    
    See ‘Writing portable packages’ in the ‘Writing R Extensions’ manual.
Flavors: r-devel-linux-x86_64-fedora-clang, r-devel-linux-x86_64-fedora-gcc

Version: 1.0.2
Check: installed package size
Result: NOTE
     installed size is 5.1Mb
     sub-directories of 1Mb or more:
     libs 5.0Mb
Flavor: r-oldrel-macos-arm64