Last updated on 2023-02-03 06:50:19 CET.
Flavor | Version | Tinstall | Tcheck | Ttotal | Status | Flags |
---|---|---|---|---|---|---|
r-devel-linux-x86_64-debian-clang | 2.9.3 | 276.26 | 124.31 | 400.57 | OK | |
r-devel-linux-x86_64-debian-gcc | 2.9.3 | 197.79 | 89.92 | 287.71 | OK | |
r-devel-linux-x86_64-fedora-clang | 2.9.3 | 581.70 | OK | |||
r-devel-linux-x86_64-fedora-gcc | 2.9.3 | 506.72 | OK | |||
r-devel-windows-x86_64 | 2.9.3 | 236.00 | 195.00 | 431.00 | OK | |
r-patched-linux-x86_64 | 2.9.3 | 218.10 | 113.39 | 331.49 | OK | |
r-release-linux-x86_64 | 2.9.3 | 195.04 | 113.81 | 308.85 | OK | |
r-release-macos-arm64 | 2.9.3 | 100.00 | NOTE | |||
r-release-macos-x86_64 | 2.9.3 | 152.00 | NOTE | |||
r-release-windows-x86_64 | 2.9.3 | 217.00 | 192.00 | 409.00 | OK | |
r-oldrel-macos-arm64 | 2.9.3 | 100.00 | NOTE | |||
r-oldrel-macos-x86_64 | 2.9.3 | 154.00 | NOTE | |||
r-oldrel-windows-ix86+x86_64 | 2.9.3 | 605.00 | 184.00 | 789.00 | OK |
Version: 2.9.3
Check: installed package size
Result: NOTE
installed size is 13.7Mb
sub-directories of 1Mb or more:
libs 12.7Mb
Flavors: r-release-macos-arm64, r-release-macos-x86_64, r-oldrel-macos-arm64, r-oldrel-macos-x86_64