CRAN Package Check Results for Package GB2group

Last updated on 2023-03-29 07:55:19 CEST.

Flavor Version Tinstall Tcheck Ttotal Status Flags
r-devel-linux-x86_64-debian-clang 0.3.0 9.70 99.10 108.80 NOTE
r-devel-linux-x86_64-debian-gcc 0.3.0 9.43 74.04 83.47 NOTE
r-devel-linux-x86_64-fedora-clang 0.3.0 138.03 NOTE
r-devel-linux-x86_64-fedora-gcc 0.3.0 132.73 NOTE
r-devel-windows-x86_64 0.3.0 23.00 0.00 23.00 NOTE
r-patched-linux-x86_64 0.3.0 9.90 94.44 104.34 NOTE
r-release-linux-x86_64 0.3.0 11.61 90.97 102.58 NOTE
r-release-macos-arm64 0.3.0 34.00 NOTE
r-release-macos-x86_64 0.3.0 67.00 NOTE
r-release-windows-x86_64 0.3.0 30.00 116.00 146.00 NOTE
r-oldrel-macos-arm64 0.3.0 49.00 NOTE
r-oldrel-macos-x86_64 0.3.0 72.00 NOTE
r-oldrel-windows-ix86+x86_64 0.3.0 24.00 114.00 138.00 NOTE

Check Details

Version: 0.3.0
Check: LazyData
Result: NOTE
     'LazyData' is specified without a 'data' directory
Flavors: r-devel-linux-x86_64-debian-clang, r-devel-linux-x86_64-debian-gcc, r-devel-linux-x86_64-fedora-clang, r-devel-linux-x86_64-fedora-gcc, r-devel-windows-x86_64, r-patched-linux-x86_64, r-release-linux-x86_64, r-release-macos-arm64, r-release-macos-x86_64, r-release-windows-x86_64, r-oldrel-macos-arm64, r-oldrel-macos-x86_64, r-oldrel-windows-ix86+x86_64