Last updated on 2023-02-01 06:56:13 CET.
Flavor | Version | Tinstall | Tcheck | Ttotal | Status | Flags |
---|---|---|---|---|---|---|
r-devel-linux-x86_64-debian-clang | 0.3.4 | 485.53 | 92.81 | 578.34 | OK | |
r-devel-linux-x86_64-debian-gcc | 0.3.4 | 362.23 | 68.74 | 430.97 | OK | |
r-devel-linux-x86_64-fedora-clang | 0.3.4 | 926.29 | OK | |||
r-devel-linux-x86_64-fedora-gcc | 0.3.4 | 779.75 | OK | |||
r-devel-windows-x86_64 | 0.3.4 | 433.00 | 151.00 | 584.00 | OK | |
r-patched-linux-x86_64 | 0.3.4 | 375.08 | 87.35 | 462.43 | OK | |
r-release-linux-x86_64 | 0.3.4 | 376.11 | 88.98 | 465.09 | OK | |
r-release-macos-arm64 | 0.3.4 | 145.00 | NOTE | |||
r-release-macos-x86_64 | 0.3.4 | 191.00 | NOTE | |||
r-release-windows-x86_64 | 0.3.4 | 382.00 | 153.00 | 535.00 | OK | |
r-oldrel-macos-arm64 | 0.3.4 | 121.00 | NOTE | |||
r-oldrel-macos-x86_64 | 0.3.4 | 193.00 | NOTE | |||
r-oldrel-windows-ix86+x86_64 | 0.3.4 | 1136.00 | 189.00 | 1325.00 | NOTE |
Version: 0.3.4
Check: installed package size
Result: NOTE
installed size is 12.2Mb
sub-directories of 1Mb or more:
data 1.4Mb
libs 10.2Mb
Flavors: r-release-macos-arm64, r-release-macos-x86_64, r-oldrel-macos-arm64, r-oldrel-macos-x86_64, r-oldrel-windows-ix86+x86_64