Last updated on 2023-02-01 06:56:11 CET.
Flavor | Version | Tinstall | Tcheck | Ttotal | Status | Flags |
---|---|---|---|---|---|---|
r-devel-linux-x86_64-debian-clang | 3.2.3 | 51.59 | 99.66 | 151.25 | NOTE | |
r-devel-linux-x86_64-debian-gcc | 3.2.3 | 41.71 | 74.49 | 116.20 | NOTE | |
r-devel-linux-x86_64-fedora-clang | 3.2.3 | 219.05 | NOTE | |||
r-devel-linux-x86_64-fedora-gcc | 3.2.3 | 203.28 | NOTE | |||
r-devel-windows-x86_64 | 3.2.3 | 84.00 | 165.00 | 249.00 | NOTE | |
r-patched-linux-x86_64 | 3.2.3 | 49.84 | 96.40 | 146.24 | OK | |
r-release-linux-x86_64 | 3.2.3 | 46.40 | 97.96 | 144.36 | OK | |
r-release-macos-arm64 | 3.2.3 | 57.00 | NOTE | |||
r-release-macos-x86_64 | 3.2.3 | 85.00 | NOTE | |||
r-release-windows-x86_64 | 3.2.3 | 75.00 | 169.00 | 244.00 | NOTE | |
r-oldrel-macos-arm64 | 3.2.3 | 66.00 | NOTE | |||
r-oldrel-macos-x86_64 | 3.2.3 | 86.00 | NOTE | |||
r-oldrel-windows-ix86+x86_64 | 3.2.3 | 120.00 | 166.00 | 286.00 | NOTE |
Version: 3.2.3
Check: C++ specification
Result: NOTE
Specified C++14: please update to current default of C++17
Flavors: r-devel-linux-x86_64-debian-clang, r-devel-linux-x86_64-debian-gcc, r-devel-linux-x86_64-fedora-clang, r-devel-linux-x86_64-fedora-gcc, r-devel-windows-x86_64
Version: 3.2.3
Check: installed package size
Result: NOTE
installed size is 45.5Mb
sub-directories of 1Mb or more:
doc 44.3Mb
Flavors: r-devel-linux-x86_64-fedora-clang, r-devel-windows-x86_64, r-release-macos-arm64, r-release-macos-x86_64, r-release-windows-x86_64, r-oldrel-macos-arm64, r-oldrel-macos-x86_64, r-oldrel-windows-ix86+x86_64