CRAN Package Check Results for Package FourWayHMM

Last updated on 2023-01-27 07:50:32 CET.

Flavor Version Tinstall Tcheck Ttotal Status Flags
r-devel-linux-x86_64-debian-clang 1.0.0 2.72 30.84 33.56 OK
r-devel-linux-x86_64-debian-gcc 1.0.0 3.09 22.83 25.92 OK
r-devel-linux-x86_64-fedora-clang 1.0.0 44.51 NOTE
r-devel-linux-x86_64-fedora-gcc 1.0.0 41.89 NOTE
r-devel-windows-x86_64 1.0.0 15.00 58.00 73.00 OK
r-patched-linux-x86_64 1.0.0 4.34 29.82 34.16 OK
r-release-linux-x86_64 1.0.0 3.91 30.29 34.20 OK
r-release-macos-arm64 1.0.0 19.00 NOTE
r-release-macos-x86_64 1.0.0 32.00 NOTE
r-release-windows-x86_64 1.0.0 7.00 58.00 65.00 OK
r-oldrel-macos-arm64 1.0.0 89.00 NOTE
r-oldrel-macos-x86_64 1.0.0 24.00 NOTE
r-oldrel-windows-ix86+x86_64 1.0.0 8.00 58.00 66.00 OK

Check Details

Version: 1.0.0
Check: dependencies in R code
Result: NOTE
    Namespace in Imports field not imported from: ‘LaplacesDemon’
     All declared Imports should be used.
Flavors: r-devel-linux-x86_64-fedora-clang, r-devel-linux-x86_64-fedora-gcc, r-release-macos-arm64, r-release-macos-x86_64, r-oldrel-macos-arm64, r-oldrel-macos-x86_64