Last updated on 2023-01-29 07:56:02 CET.
Flavor | Version | Tinstall | Tcheck | Ttotal | Status | Flags |
---|---|---|---|---|---|---|
r-devel-linux-x86_64-debian-clang | 1.3.1 | 16.30 | 223.33 | 239.63 | OK | |
r-devel-linux-x86_64-debian-gcc | 1.3.1 | 13.37 | 159.84 | 173.21 | OK | |
r-devel-linux-x86_64-fedora-clang | 1.3.1 | 308.25 | NOTE | |||
r-devel-linux-x86_64-fedora-gcc | 1.3.1 | 294.11 | OK | |||
r-devel-windows-x86_64 | 1.3.1 | 62.00 | 245.00 | 307.00 | OK | |
r-patched-linux-x86_64 | 1.3.1 | 21.28 | 206.13 | 227.41 | OK | |
r-release-linux-x86_64 | 1.3.1 | 13.87 | 204.97 | 218.84 | OK | |
r-release-macos-arm64 | 1.3.1 | 76.00 | OK | |||
r-release-macos-x86_64 | 1.3.1 | 130.00 | OK | |||
r-release-windows-x86_64 | 1.3.1 | 36.00 | 233.00 | 269.00 | OK | |
r-oldrel-macos-arm64 | 1.3.1 | 81.00 | OK | |||
r-oldrel-macos-x86_64 | 1.3.1 | 145.00 | OK | |||
r-oldrel-windows-ix86+x86_64 | 1.3.1 | 37.00 | 235.00 | 272.00 | OK |
Version: 1.3.1
Check: Rd cross-references
Result: NOTE
Undeclared package ‘ForecastCombinations’ in Rd xrefs
Flavor: r-devel-linux-x86_64-fedora-clang