Last updated on 2023-01-28 07:14:54 CET.
Flavor | Version | Tinstall | Tcheck | Ttotal | Status | Flags |
---|---|---|---|---|---|---|
r-devel-linux-x86_64-debian-clang | 1.2 | 2556.29 | 327.77 | 2884.06 | NOTE | |
r-devel-linux-x86_64-debian-gcc | 1.2 | 2193.45 | 413.91 | 2607.36 | NOTE | |
r-devel-windows-x86_64 | 1.2 | 2386.00 | 632.00 | 3018.00 | NOTE | |
r-patched-linux-x86_64 | 1.2 | 2423.91 | 480.45 | 2904.36 | NOTE | |
r-release-linux-x86_64 | 1.2 | 2343.08 | 481.64 | 2824.72 | NOTE | |
r-release-macos-arm64 | 1.2 | 830.00 | NOTE | |||
r-release-macos-x86_64 | 1.2 | 1458.00 | NOTE | |||
r-release-windows-x86_64 | 1.2 | 1822.00 | 579.00 | 2401.00 | NOTE | |
r-oldrel-macos-arm64 | 1.2 | 806.00 | NOTE | |||
r-oldrel-macos-x86_64 | 1.2 | 1451.00 | NOTE | |||
r-oldrel-windows-ix86+x86_64 | 1.2 | 4325.00 | 730.00 | 5055.00 | NOTE |
Version: 1.2
Check: for GNU extensions in Makefiles
Result: NOTE
GNU make is a SystemRequirements.
Flavors: r-devel-linux-x86_64-debian-clang, r-devel-linux-x86_64-debian-gcc, r-devel-windows-x86_64, r-patched-linux-x86_64, r-release-linux-x86_64, r-release-macos-arm64, r-release-macos-x86_64, r-release-windows-x86_64, r-oldrel-macos-arm64, r-oldrel-macos-x86_64, r-oldrel-windows-ix86+x86_64
Version: 1.2
Check: C++ specification
Result: NOTE
Specified C++14: please update to current default of C++17
Flavor: r-devel-linux-x86_64-debian-gcc
Version: 1.2
Check: installed package size
Result: NOTE
installed size is 21.5Mb
sub-directories of 1Mb or more:
libs 20.5Mb
Flavors: r-devel-windows-x86_64, r-release-macos-arm64, r-release-macos-x86_64, r-release-windows-x86_64, r-oldrel-macos-arm64, r-oldrel-macos-x86_64, r-oldrel-windows-ix86+x86_64