CRAN Package Check Results for Package FitUltD

Last updated on 2023-02-07 07:54:00 CET.

Flavor Version Tinstall Tcheck Ttotal Status Flags
r-devel-linux-x86_64-debian-clang 3.1.0 10.83 103.51 114.34 NOTE
r-devel-linux-x86_64-debian-gcc 3.1.0 7.87 73.46 81.33 NOTE
r-devel-linux-x86_64-fedora-clang 3.1.0 153.66 NOTE
r-devel-linux-x86_64-fedora-gcc 3.1.0 134.64 NOTE
r-devel-windows-x86_64 3.1.0 16.00 117.00 133.00 NOTE
r-patched-linux-x86_64 3.1.0 8.81 97.18 105.99 NOTE
r-release-linux-x86_64 3.1.0 11.12 94.51 105.63 NOTE
r-release-macos-arm64 3.1.0 36.00 NOTE
r-release-macos-x86_64 3.1.0 72.00 NOTE
r-release-windows-x86_64 3.1.0 16.00 129.00 145.00 NOTE
r-oldrel-macos-arm64 3.1.0 44.00 NOTE
r-oldrel-macos-x86_64 3.1.0 76.00 NOTE
r-oldrel-windows-ix86+x86_64 3.1.0 25.00 122.00 147.00 NOTE

Check Details

Version: 3.1.0
Check: LazyData
Result: NOTE
     'LazyData' is specified without a 'data' directory
Flavors: r-devel-linux-x86_64-debian-clang, r-devel-linux-x86_64-debian-gcc, r-devel-linux-x86_64-fedora-clang, r-devel-linux-x86_64-fedora-gcc, r-devel-windows-x86_64, r-patched-linux-x86_64, r-release-linux-x86_64, r-release-macos-arm64, r-release-macos-x86_64, r-release-windows-x86_64, r-oldrel-macos-arm64, r-oldrel-macos-x86_64, r-oldrel-windows-ix86+x86_64