CRAN Package Check Results for Package FishResp

Last updated on 2023-09-26 08:04:12 CEST.

Flavor Version Tinstall Tcheck Ttotal Status Flags
r-devel-linux-x86_64-debian-clang 1.1.1 21.87 123.99 145.86 OK
r-devel-linux-x86_64-debian-gcc 1.1.1 17.69 87.91 105.60 OK
r-devel-linux-x86_64-fedora-clang 1.1.1 182.42 NOTE
r-devel-linux-x86_64-fedora-gcc 1.1.1 176.52 OK
r-devel-windows-x86_64 1.1.1 19.00 105.00 124.00 NOTE
r-patched-linux-x86_64 1.1.1 27.64 118.47 146.11 OK
r-release-linux-x86_64 1.1.1 14.09 110.69 124.78 OK
r-release-macos-arm64 1.1.1 51.00 NOTE
r-release-macos-x86_64 1.1.1 81.00 NOTE
r-release-windows-x86_64 1.1.1 26.00 121.00 147.00 NOTE
r-oldrel-macos-arm64 1.1.1 48.00 NOTE
r-oldrel-macos-x86_64 1.1.1 60.00 NOTE
r-oldrel-windows-x86_64 1.1.1 26.00 117.00 143.00 NOTE

Check Details

Version: 1.1.1
Check: installed package size
Result: NOTE
     installed size is 5.5Mb
     sub-directories of 1Mb or more:
     data 1.3Mb
     extdata 3.8Mb
Flavors: r-devel-linux-x86_64-fedora-clang, r-devel-windows-x86_64, r-release-macos-arm64, r-release-macos-x86_64, r-release-windows-x86_64, r-oldrel-macos-arm64, r-oldrel-macos-x86_64, r-oldrel-windows-x86_64