CRAN Package Check Results for Package FishPhyloMaker

Last updated on 2023-02-06 06:51:55 CET.

Flavor Version Tinstall Tcheck Ttotal Status Flags
r-devel-linux-x86_64-debian-clang 0.2.0 3.92 41.75 45.67 OK
r-devel-linux-x86_64-debian-gcc 0.2.0 3.62 31.38 35.00 OK
r-devel-linux-x86_64-fedora-clang 0.2.0 65.02 NOTE
r-devel-linux-x86_64-fedora-gcc 0.2.0 71.80 NOTE
r-devel-windows-x86_64 0.2.0 45.00 80.00 125.00 OK
r-patched-linux-x86_64 0.2.0 4.29 40.63 44.92 OK
r-release-linux-x86_64 0.2.0 3.07 37.46 40.53 OK
r-release-macos-arm64 0.2.0 21.00 NOTE
r-release-macos-x86_64 0.2.0 42.00 NOTE
r-release-windows-x86_64 0.2.0 34.00 76.00 110.00 OK
r-oldrel-macos-arm64 0.2.0 20.00 NOTE
r-oldrel-macos-x86_64 0.2.0 33.00 NOTE
r-oldrel-windows-ix86+x86_64 0.2.0 12.00 64.00 76.00 OK

Check Details

Version: 0.2.0
Check: dependencies in R code
Result: NOTE
    Namespaces in Imports field not imported from:
     ‘knitr’ ‘rmarkdown’ ‘utils’
     All declared Imports should be used.
Flavors: r-devel-linux-x86_64-fedora-clang, r-devel-linux-x86_64-fedora-gcc, r-release-macos-arm64, r-release-macos-x86_64, r-oldrel-macos-arm64, r-oldrel-macos-x86_64