CRAN Package Check Results for Package FiRE

Last updated on 2023-01-27 07:50:32 CET.

Flavor Version Tinstall Tcheck Ttotal Status Flags
r-devel-linux-x86_64-debian-clang 1.0.1 35.86 35.99 71.85 OK
r-devel-linux-x86_64-debian-gcc 1.0.1 29.68 27.64 57.32 OK
r-devel-linux-x86_64-fedora-clang 1.0.1 107.06 OK
r-devel-linux-x86_64-fedora-gcc 1.0.1 93.24 OK
r-devel-windows-x86_64 1.0.1 40.00 87.00 127.00 OK
r-patched-linux-x86_64 1.0.1 32.02 37.63 69.65 OK
r-release-linux-x86_64 1.0.1 31.74 37.52 69.26 OK
r-release-macos-arm64 1.0.1 36.00 OK
r-release-macos-x86_64 1.0.1 47.00 OK
r-release-windows-x86_64 1.0.1 41.00 84.00 125.00 OK
r-oldrel-macos-arm64 1.0.1 61.00 NOTE
r-oldrel-macos-x86_64 1.0.1 48.00 OK
r-oldrel-windows-ix86+x86_64 1.0.1 77.00 92.00 169.00 OK

Check Details

Version: 1.0.1
Check: installed package size
Result: NOTE
     installed size is 5.2Mb
     sub-directories of 1Mb or more:
     data 2.1Mb
     libs 3.0Mb
Flavor: r-oldrel-macos-arm64