Last updated on 2023-02-06 06:51:55 CET.
Flavor | Version | Tinstall | Tcheck | Ttotal | Status | Flags |
---|---|---|---|---|---|---|
r-devel-linux-x86_64-debian-clang | 0.9.5 | 11.88 | 95.10 | 106.98 | NOTE | |
r-devel-linux-x86_64-debian-gcc | 0.9.5 | 10.35 | 67.13 | 77.48 | NOTE | |
r-devel-linux-x86_64-fedora-clang | 0.9.5 | 138.76 | NOTE | |||
r-devel-linux-x86_64-fedora-gcc | 0.9.5 | 139.01 | NOTE | |||
r-devel-windows-x86_64 | 0.9.5 | 62.00 | 126.00 | 188.00 | NOTE | |
r-patched-linux-x86_64 | 0.9.5 | 16.02 | 95.22 | 111.24 | NOTE | |
r-release-linux-x86_64 | 0.9.5 | 13.35 | 95.85 | 109.20 | NOTE | |
r-release-macos-arm64 | 0.9.5 | 70.00 | NOTE | |||
r-release-macos-x86_64 | 0.9.5 | 119.00 | NOTE | |||
r-release-windows-x86_64 | 0.9.5 | 52.00 | 125.00 | 177.00 | NOTE | |
r-oldrel-macos-arm64 | 0.9.5 | 85.00 | NOTE | |||
r-oldrel-macos-x86_64 | 0.9.5 | 92.00 | NOTE | |||
r-oldrel-windows-ix86+x86_64 | 0.9.5 | 24.00 | 114.00 | 138.00 | NOTE |
Version: 0.9.5
Check: LazyData
Result: NOTE
'LazyData' is specified without a 'data' directory
Flavors: r-devel-linux-x86_64-debian-clang, r-devel-linux-x86_64-debian-gcc, r-devel-linux-x86_64-fedora-clang, r-devel-linux-x86_64-fedora-gcc, r-devel-windows-x86_64, r-patched-linux-x86_64, r-release-linux-x86_64, r-release-macos-arm64, r-release-macos-x86_64, r-release-windows-x86_64, r-oldrel-macos-arm64, r-oldrel-macos-x86_64, r-oldrel-windows-ix86+x86_64